Last updated on 2025-07-02 01:51:42 CEST.
Flavor | Version | Tinstall | Tcheck | Ttotal | Status | Flags |
---|---|---|---|---|---|---|
r-devel-linux-x86_64-debian-clang | 1.6-1 | 4.01 | 54.48 | 58.49 | NOTE | |
r-devel-linux-x86_64-debian-gcc | 1.6-1 | 2.93 | 41.26 | 44.19 | NOTE | |
r-devel-linux-x86_64-fedora-clang | 1.6-1 | 88.95 | OK | |||
r-devel-linux-x86_64-fedora-gcc | 1.6-1 | 97.60 | OK | |||
r-devel-windows-x86_64 | 1.6-1 | 5.00 | 115.00 | 120.00 | OK | |
r-patched-linux-x86_64 | OK | |||||
r-release-linux-x86_64 | 1.6-1 | 3.30 | 50.05 | 53.35 | OK | |
r-release-macos-arm64 | 1.6-1 | 33.00 | OK | |||
r-release-macos-x86_64 | 1.6-1 | 77.00 | OK | |||
r-release-windows-x86_64 | 1.6-1 | 10.00 | 124.00 | 134.00 | OK | |
r-oldrel-macos-arm64 | 1.6-1 | 38.00 | OK | |||
r-oldrel-macos-x86_64 | 1.6-1 | 52.00 | OK | |||
r-oldrel-windows-x86_64 | 1.6-1 | 8.00 | 94.00 | 102.00 | OK |
Version: 1.6-1
Check: CRAN incoming feasibility
Result: NOTE
Maintainer: ‘Robin K. S. Hankin <hankin.robin@gmail.com>’
Package CITATION file contains call(s) to old-style personList() or
as.personList(). Please use c() on person objects instead.
Package CITATION file contains call(s) to old-style citEntry(). Please
use bibentry() instead.
Flavors: r-devel-linux-x86_64-debian-clang, r-devel-linux-x86_64-debian-gcc
These binaries (installable software) and packages are in development.
They may not be fully stable and should be used with caution. We make no claims about them.