Last updated on 2025-02-16 08:50:51 CET.
Flavor | Version | Tinstall | Tcheck | Ttotal | Status | Flags |
---|---|---|---|---|---|---|
r-devel-linux-x86_64-debian-clang | 2.8.5 | 74.37 | 132.43 | 206.80 | OK | |
r-devel-linux-x86_64-debian-gcc | 2.8.5 | 62.90 | 82.92 | 145.82 | OK | |
r-devel-linux-x86_64-fedora-clang | 2.8.5 | 172.51 | ERROR | |||
r-devel-linux-x86_64-fedora-gcc | 2.8.5 | 389.18 | OK | |||
r-devel-macos-arm64 | 2.8.5 | 99.00 | OK | |||
r-devel-macos-x86_64 | 2.8.5 | 182.00 | OK | |||
r-devel-windows-x86_64 | 2.8.5 | 72.00 | 9.00 | 81.00 | ERROR | |
r-patched-linux-x86_64 | 2.8.5 | 79.88 | 118.22 | 198.10 | OK | |
r-release-linux-x86_64 | 2.8.5 | 77.79 | 116.12 | 193.91 | OK | |
r-release-macos-arm64 | 2.8.5 | 115.00 | NOTE | |||
r-release-macos-x86_64 | 2.8.5 | 200.00 | NOTE | |||
r-release-windows-x86_64 | 2.8.5 | 124.00 | 447.00 | 571.00 | NOTE | |
r-oldrel-macos-arm64 | 2.8.5 | 110.00 | NOTE | |||
r-oldrel-macos-x86_64 | 2.8.5 | 155.00 | NOTE | |||
r-oldrel-windows-x86_64 | 2.8.5 | 135.00 | 565.00 | 700.00 | ERROR |
Version: 2.8.5
Check: whether package can be installed
Result: ERROR
Installation failed.
Flavors: r-devel-linux-x86_64-fedora-clang, r-devel-windows-x86_64, r-oldrel-windows-x86_64
Version: 2.8.5
Check: installed package size
Result: NOTE
installed size is 55.9Mb
sub-directories of 1Mb or more:
doc 6.3Mb
libs 48.9Mb
Flavors: r-release-macos-arm64, r-release-macos-x86_64, r-release-windows-x86_64, r-oldrel-macos-arm64, r-oldrel-macos-x86_64
These binaries (installable software) and packages are in development.
They may not be fully stable and should be used with caution. We make no claims about them.