CRAN Package Check Results for Package magmaR

Last updated on 2025-02-19 16:50:53 CET.

Flavor Version Tinstall Tcheck Ttotal Status Flags
r-devel-linux-x86_64-debian-clang 1.0.3 2.38 75.94 78.32 OK
r-devel-linux-x86_64-debian-gcc 1.0.3 1.76 52.25 54.01 OK
r-devel-linux-x86_64-fedora-clang 1.0.3 126.38 OK
r-devel-linux-x86_64-fedora-gcc 1.0.3 134.66 OK
r-devel-macos-arm64 1.0.3 43.00 OK
r-devel-macos-x86_64 1.0.3 78.00 OK
r-devel-windows-x86_64 1.0.3 4.00 95.00 99.00 OK
r-patched-linux-x86_64 1.0.3 2.73 71.63 74.36 OK
r-release-linux-x86_64 1.0.3 2.34 72.49 74.83 OK
r-release-macos-arm64 1.0.3 37.00 NOTE
r-release-macos-x86_64 1.0.3 74.00 OK
r-release-windows-x86_64 1.0.3 4.00 95.00 99.00 OK
r-oldrel-macos-arm64 1.0.3 58.00 NOTE
r-oldrel-macos-x86_64 1.0.3 94.00 NOTE
r-oldrel-windows-x86_64 1.0.3 4.00 114.00 118.00 OK

Additional issues

noSuggests

Check Details

Version: 1.0.3
Check: package dependencies
Result: NOTE Package suggested but not available for checking: ‘dittoSeq’ Flavors: r-release-macos-arm64, r-oldrel-macos-arm64, r-oldrel-macos-x86_64

These binaries (installable software) and packages are in development.
They may not be fully stable and should be used with caution. We make no claims about them.