Last updated on 2025-10-09 17:50:43 CEST.
Flavor | Version | Tinstall | Tcheck | Ttotal | Status | Flags |
---|---|---|---|---|---|---|
r-devel-linux-x86_64-debian-clang | 1.2 | 3.28 | 27.12 | 30.40 | NOTE | |
r-devel-linux-x86_64-debian-gcc | 1.2 | 2.72 | 22.20 | 24.92 | NOTE | |
r-devel-linux-x86_64-fedora-clang | 1.2 | 45.17 | OK | |||
r-devel-linux-x86_64-fedora-gcc | 1.2 | 58.01 | OK | |||
r-devel-windows-x86_64 | 1.2 | 7.00 | 60.00 | 67.00 | OK | |
r-patched-linux-x86_64 | 1.2 | 3.60 | 25.69 | 29.29 | OK | |
r-release-linux-x86_64 | 1.2 | 3.26 | 26.08 | 29.34 | OK | |
r-release-macos-arm64 | 1.2 | 26.00 | OK | |||
r-release-macos-x86_64 | 1.2 | 49.00 | OK | |||
r-release-windows-x86_64 | 1.2 | 7.00 | 92.00 | 99.00 | OK | |
r-oldrel-macos-arm64 | 1.2 | 24.00 | OK | |||
r-oldrel-macos-x86_64 | 1.2 | 36.00 | OK | |||
r-oldrel-windows-x86_64 | 1.2 | 7.00 | 58.00 | 65.00 | OK |
Version: 1.2
Check: CRAN incoming feasibility
Result: NOTE
Maintainer: ‘Mark Clements <mark.clements@ki.se>’
No Authors@R field in DESCRIPTION.
Please add one, modifying
Authors@R: c(person(given = "Mark",
family = "Clements",
role = c("aut", "cre"),
email = "mark.clements@ki.se"),
person(given = "Dianne",
family = "O'Connell",
role = "aut"))
as necessary.
Flavors: r-devel-linux-x86_64-debian-clang, r-devel-linux-x86_64-debian-gcc
These binaries (installable software) and packages are in development.
They may not be fully stable and should be used with caution. We make no claims about them.