Last updated on 2025-05-08 04:52:09 CEST.
Flavor | Version | Tinstall | Tcheck | Ttotal | Status | Flags |
---|---|---|---|---|---|---|
r-devel-linux-x86_64-debian-clang | 1.2 | 3.28 | 24.44 | 27.72 | NOTE | |
r-devel-linux-x86_64-debian-gcc | 1.2 | 2.51 | 20.65 | 23.16 | NOTE | |
r-devel-linux-x86_64-fedora-clang | 1.2 | 44.62 | OK | |||
r-devel-linux-x86_64-fedora-gcc | 1.2 | 60.45 | OK | |||
r-devel-windows-x86_64 | 1.2 | 7.00 | 58.00 | 65.00 | OK | |
r-patched-linux-x86_64 | 1.2 | 3.47 | 23.42 | 26.89 | OK | |
r-release-linux-x86_64 | 1.2 | 3.55 | 23.91 | 27.46 | OK | |
r-release-macos-arm64 | 1.2 | 26.00 | OK | |||
r-release-macos-x86_64 | 1.2 | 49.00 | OK | |||
r-release-windows-x86_64 | 1.2 | 7.00 | 92.00 | 99.00 | OK | |
r-oldrel-macos-arm64 | 1.2 | 24.00 | OK | |||
r-oldrel-macos-x86_64 | 1.2 | 36.00 | OK | |||
r-oldrel-windows-x86_64 | 1.2 | 7.00 | 58.00 | 65.00 | OK |
Version: 1.2
Check: CRAN incoming feasibility
Result: NOTE
Maintainer: ‘Mark Clements <mark.clements@ki.se>’
No Authors@R field in DESCRIPTION.
Please add one, modifying
Authors@R: c(person(given = "Mark",
family = "Clements",
role = c("aut", "cre"),
email = "mark.clements@ki.se"),
person(given = "Dianne",
family = "O'Connell",
role = "aut"))
as necessary.
Flavors: r-devel-linux-x86_64-debian-clang, r-devel-linux-x86_64-debian-gcc
These binaries (installable software) and packages are in development.
They may not be fully stable and should be used with caution. We make no claims about them.