CRAN Package Check Results for Package mailtoR

Last updated on 2025-02-16 08:50:51 CET.

Flavor Version Tinstall Tcheck Ttotal Status Flags
r-devel-linux-x86_64-debian-clang 0.1.0 1.33 15.79 17.12 OK
r-devel-linux-x86_64-debian-gcc 0.1.0 1.41 13.14 14.55 OK
r-devel-linux-x86_64-fedora-clang 0.1.0 29.79 OK
r-devel-linux-x86_64-fedora-gcc 0.1.0 26.69 OK
r-devel-macos-arm64 0.1.0 17.00 OK
r-devel-macos-x86_64 0.1.0 22.00 OK
r-devel-windows-x86_64 0.1.0 3.00 43.00 46.00 OK
r-patched-linux-x86_64 0.1.0 1.52 15.36 16.88 NOTE
r-release-linux-x86_64 0.1.0 1.63 15.23 16.86 NOTE
r-release-macos-arm64 0.1.0 15.00 NOTE
r-release-macos-x86_64 0.1.0 21.00 NOTE
r-release-windows-x86_64 0.1.0 3.00 40.00 43.00 NOTE
r-oldrel-macos-arm64 0.1.0 15.00 NOTE
r-oldrel-macos-x86_64 0.1.0 19.00 NOTE
r-oldrel-windows-x86_64 0.1.0 3.00 38.00 41.00 NOTE

Check Details

Version: 0.1.0
Check: LazyData
Result: NOTE 'LazyData' is specified without a 'data' directory Flavors: r-patched-linux-x86_64, r-release-linux-x86_64, r-release-macos-arm64, r-release-macos-x86_64, r-release-windows-x86_64, r-oldrel-macos-arm64, r-oldrel-macos-x86_64, r-oldrel-windows-x86_64

These binaries (installable software) and packages are in development.
They may not be fully stable and should be used with caution. We make no claims about them.