Last updated on 2025-05-01 15:49:35 CEST.
Flavor | Version | Tinstall | Tcheck | Ttotal | Status | Flags |
---|---|---|---|---|---|---|
r-devel-linux-x86_64-debian-clang | 0.1.2 | 22.92 | 189.71 | 212.63 | NOTE | |
r-devel-linux-x86_64-debian-gcc | 0.1.2 | 12.65 | 113.98 | 126.63 | OK | |
r-devel-linux-x86_64-fedora-clang | 0.1.2 | 337.12 | OK | |||
r-devel-linux-x86_64-fedora-gcc | 0.1.2 | 315.39 | OK | |||
r-devel-windows-x86_64 | 0.1.2 | 19.00 | 152.00 | 171.00 | OK | |
r-patched-linux-x86_64 | 0.1.2 | 18.63 | 179.85 | 198.48 | OK | |
r-release-linux-x86_64 | OK | |||||
r-release-macos-arm64 | 0.1.2 | 65.00 | OK | |||
r-release-macos-x86_64 | 0.1.2 | 156.00 | OK | |||
r-release-windows-x86_64 | 0.1.2 | 19.00 | 155.00 | 174.00 | OK | |
r-oldrel-macos-arm64 | 0.1.2 | 61.00 | OK | |||
r-oldrel-macos-x86_64 | 0.1.2 | 121.00 | OK | |||
r-oldrel-windows-x86_64 | 0.1.2 | 26.00 | 205.00 | 231.00 | OK |
Version: 0.1.2
Check: examples
Result: NOTE
Examples with CPU (user + system) or elapsed time > 5s
user system elapsed
makePaletteKM 3.697 0.028 5.219
Flavor: r-devel-linux-x86_64-debian-clang
These binaries (installable software) and packages are in development.
They may not be fully stable and should be used with caution. We make no claims about them.