Last updated on 2025-11-11 17:50:04 CET.
| Flavor | Version | Tinstall | Tcheck | Ttotal | Status | Flags |
|---|---|---|---|---|---|---|
| r-devel-linux-x86_64-debian-clang | 1.2.2 | 17.44 | 167.97 | 185.41 | OK | |
| r-devel-linux-x86_64-debian-gcc | 1.2.2 | 11.11 | 117.68 | 128.79 | OK | |
| r-devel-linux-x86_64-fedora-clang | 1.2.2 | 69.00 | 227.69 | 296.69 | OK | |
| r-devel-linux-x86_64-fedora-gcc | 1.2.2 | 35.00 | 251.54 | 286.54 | OK | |
| r-devel-windows-x86_64 | 1.2.2 | 23.00 | 160.00 | 183.00 | OK | |
| r-patched-linux-x86_64 | 1.2.2 | 17.75 | 157.80 | 175.55 | OK | |
| r-release-linux-x86_64 | 1.2.2 | 17.60 | 159.39 | 176.99 | OK | |
| r-release-macos-arm64 | 1.2.2 | 10.00 | 94.00 | 104.00 | OK | |
| r-release-macos-x86_64 | 1.2.2 | 14.00 | 146.00 | 160.00 | OK | |
| r-release-windows-x86_64 | 1.2.2 | 21.00 | 161.00 | 182.00 | OK | |
| r-oldrel-macos-arm64 | 1.2.2 | 8.00 | 78.00 | 86.00 | NOTE | |
| r-oldrel-macos-x86_64 | 1.2.2 | 23.00 | 191.00 | 214.00 | NOTE | |
| r-oldrel-windows-x86_64 | 1.2.2 | 26.00 | 208.00 | 234.00 | OK |
Version: 1.2.2
Check: package dependencies
Result: NOTE
Package suggested but not available for checking: ‘INLA’
Flavors: r-oldrel-macos-arm64, r-oldrel-macos-x86_64
Version: 1.2.2
Check: Rd cross-references
Result: NOTE
Package unavailable to check Rd xrefs: ‘INLA’
Flavors: r-oldrel-macos-arm64, r-oldrel-macos-x86_64
These binaries (installable software) and packages are in development.
They may not be fully stable and should be used with caution. We make no claims about them.