Last updated on 2025-10-09 17:50:43 CEST.
Flavor | Version | Tinstall | Tcheck | Ttotal | Status | Flags |
---|---|---|---|---|---|---|
r-devel-linux-x86_64-debian-clang | 1.2.2 | 17.33 | 180.83 | 198.16 | OK | |
r-devel-linux-x86_64-debian-gcc | 1.2.2 | 11.91 | 132.18 | 144.09 | OK | |
r-devel-linux-x86_64-fedora-clang | 1.2.2 | 313.02 | OK | |||
r-devel-linux-x86_64-fedora-gcc | 1.2.2 | 308.70 | OK | |||
r-devel-windows-x86_64 | 1.2.2 | 21.00 | 162.00 | 183.00 | OK | |
r-patched-linux-x86_64 | 1.2.2 | 16.19 | 172.86 | 189.05 | OK | |
r-release-linux-x86_64 | 1.2.2 | 15.35 | 173.00 | 188.35 | OK | |
r-release-macos-arm64 | 1.2.2 | 104.00 | OK | |||
r-release-macos-x86_64 | 1.2.2 | 160.00 | OK | |||
r-release-windows-x86_64 | 1.2.2 | 21.00 | 163.00 | 184.00 | OK | |
r-oldrel-macos-arm64 | 1.2.2 | 86.00 | NOTE | |||
r-oldrel-macos-x86_64 | 1.2.2 | 214.00 | NOTE | |||
r-oldrel-windows-x86_64 | 1.2.2 | 29.00 | 212.00 | 241.00 | OK |
Version: 1.2.2
Check: package dependencies
Result: NOTE
Package suggested but not available for checking: ‘INLA’
Flavors: r-oldrel-macos-arm64, r-oldrel-macos-x86_64
Version: 1.2.2
Check: Rd cross-references
Result: NOTE
Package unavailable to check Rd xrefs: ‘INLA’
Flavors: r-oldrel-macos-arm64, r-oldrel-macos-x86_64
These binaries (installable software) and packages are in development.
They may not be fully stable and should be used with caution. We make no claims about them.