CRAN Package Check Results for Package makemyprior

Last updated on 2025-07-23 05:48:49 CEST.

Flavor Version Tinstall Tcheck Ttotal Status Flags
r-devel-linux-x86_64-debian-clang 1.2.2 17.17 152.70 169.87 OK
r-devel-linux-x86_64-debian-gcc 1.2.2 12.21 106.78 118.99 OK
r-devel-linux-x86_64-fedora-clang 1.2.2 267.01 OK
r-devel-linux-x86_64-fedora-gcc 1.2.2 267.90 OK
r-devel-windows-x86_64 1.2.2 19.00 150.00 169.00 OK
r-patched-linux-x86_64 1.2.2 15.89 144.57 160.46 OK
r-release-linux-x86_64 1.2.2 18.35 144.76 163.11 OK
r-release-macos-arm64 1.2.2 104.00 OK
r-release-macos-x86_64 1.2.2 160.00 OK
r-release-windows-x86_64 1.2.2 18.00 167.00 185.00 OK
r-oldrel-macos-arm64 1.2.2 86.00 NOTE
r-oldrel-macos-x86_64 1.2.2 214.00 NOTE
r-oldrel-windows-x86_64 1.2.2 27.00 196.00 223.00 OK

Check Details

Version: 1.2.2
Check: package dependencies
Result: NOTE Package suggested but not available for checking: ‘INLA’ Flavors: r-oldrel-macos-arm64, r-oldrel-macos-x86_64

Version: 1.2.2
Check: Rd cross-references
Result: NOTE Package unavailable to check Rd xrefs: ‘INLA’ Flavors: r-oldrel-macos-arm64, r-oldrel-macos-x86_64

These binaries (installable software) and packages are in development.
They may not be fully stable and should be used with caution. We make no claims about them.