Last updated on 2025-05-02 02:50:59 CEST.
Flavor | Version | Tinstall | Tcheck | Ttotal | Status | Flags |
---|---|---|---|---|---|---|
r-devel-linux-x86_64-debian-clang | 0.2.2 | 6.90 | 47.04 | 53.94 | OK | |
r-devel-linux-x86_64-debian-gcc | 0.2.2 | 4.40 | 35.83 | 40.23 | OK | |
r-devel-linux-x86_64-fedora-clang | 0.2.2 | 88.78 | NOTE | |||
r-devel-linux-x86_64-fedora-gcc | 0.2.2 | 98.30 | NOTE | |||
r-devel-windows-x86_64 | 0.2.2 | 8.00 | 77.00 | 85.00 | OK | |
r-patched-linux-x86_64 | 0.2.2 | 6.61 | 43.25 | 49.86 | OK | |
r-release-linux-x86_64 | OK | |||||
r-release-macos-arm64 | 0.2.2 | 45.00 | OK | |||
r-release-macos-x86_64 | 0.2.2 | 59.00 | OK | |||
r-release-windows-x86_64 | 0.2.2 | 10.00 | 80.00 | 90.00 | OK | |
r-oldrel-macos-arm64 | 0.2.2 | 44.00 | OK | |||
r-oldrel-macos-x86_64 | 0.2.2 | 71.00 | OK | |||
r-oldrel-windows-x86_64 | 0.2.2 | 10.00 | 80.00 | 90.00 | OK |
Version: 0.2.2
Check: dependencies in R code
Result: NOTE
Namespaces in Imports field not imported from:
‘cli’ ‘nomnoml’
All declared Imports should be used.
Flavors: r-devel-linux-x86_64-fedora-clang, r-devel-linux-x86_64-fedora-gcc
These binaries (installable software) and packages are in development.
They may not be fully stable and should be used with caution. We make no claims about them.