Last updated on 2025-11-13 17:50:38 CET.
| Flavor | Version | Tinstall | Tcheck | Ttotal | Status | Flags |
|---|---|---|---|---|---|---|
| r-devel-linux-x86_64-debian-clang | 0.2.2 | 6.78 | 48.96 | 55.74 | OK | |
| r-devel-linux-x86_64-debian-gcc | 0.2.2 | 4.57 | 36.94 | 41.51 | OK | |
| r-devel-linux-x86_64-fedora-clang | 0.2.2 | 15.00 | 69.82 | 84.82 | NOTE | |
| r-devel-linux-x86_64-fedora-gcc | 0.2.2 | 18.00 | 75.69 | 93.69 | NOTE | |
| r-devel-windows-x86_64 | 0.2.2 | 10.00 | 64.00 | 74.00 | OK | |
| r-patched-linux-x86_64 | 0.2.2 | 7.10 | 44.91 | 52.01 | OK | |
| r-release-linux-x86_64 | 0.2.2 | 5.90 | 44.67 | 50.57 | OK | |
| r-release-macos-arm64 | 0.2.2 | 4.00 | 41.00 | 45.00 | OK | |
| r-release-macos-x86_64 | 0.2.2 | 5.00 | 54.00 | 59.00 | OK | |
| r-release-windows-x86_64 | 0.2.2 | 10.00 | 65.00 | 75.00 | OK | |
| r-oldrel-macos-arm64 | 0.2.2 | 4.00 | 40.00 | 44.00 | OK | |
| r-oldrel-macos-x86_64 | 0.2.2 | 6.00 | 65.00 | 71.00 | OK | |
| r-oldrel-windows-x86_64 | 0.2.2 | 13.00 | 79.00 | 92.00 | OK |
Version: 0.2.2
Check: dependencies in R code
Result: NOTE
Namespaces in Imports field not imported from:
‘cli’ ‘nomnoml’
All declared Imports should be used.
Flavors: r-devel-linux-x86_64-fedora-clang, r-devel-linux-x86_64-fedora-gcc
These binaries (installable software) and packages are in development.
They may not be fully stable and should be used with caution. We make no claims about them.