Last updated on 2024-07-27 15:50:24 CEST.
Flavor | Version | Tinstall | Tcheck | Ttotal | Status | Flags |
---|---|---|---|---|---|---|
r-devel-linux-x86_64-debian-clang | 1.3.0 | 5.54 | 75.91 | 81.45 | OK | |
r-devel-linux-x86_64-debian-gcc | 1.3.0 | OK | ||||
r-devel-linux-x86_64-fedora-clang | 1.3.0 | 108.75 | NOTE | |||
r-devel-linux-x86_64-fedora-gcc | 1.3.0 | 118.59 | OK | |||
r-devel-windows-x86_64 | 1.3.0 | 6.00 | 76.00 | 82.00 | OK | |
r-patched-linux-x86_64 | 1.3.0 | OK | ||||
r-release-linux-x86_64 | 1.3.0 | 3.89 | 75.49 | 79.38 | OK | |
r-release-macos-arm64 | 1.3.0 | 40.00 | OK | |||
r-release-macos-x86_64 | 1.3.0 | 60.00 | OK | |||
r-release-windows-x86_64 | 1.3.0 | 6.00 | 75.00 | 81.00 | OK | |
r-oldrel-macos-arm64 | 1.3.0 | 41.00 | OK | |||
r-oldrel-macos-x86_64 | 1.3.0 | 55.00 | OK | |||
r-oldrel-windows-x86_64 | 1.3.0 | 5.00 | 82.00 | 87.00 | OK |
Version: 1.3.0
Check: Rd cross-references
Result: NOTE
Undeclared package ‘tibble’ in Rd xrefs
Flavor: r-devel-linux-x86_64-fedora-clang
These binaries (installable software) and packages are in development.
They may not be fully stable and should be used with caution. We make no claims about them.