Last updated on 2025-05-28 21:50:12 CEST.
Flavor | Version | Tinstall | Tcheck | Ttotal | Status | Flags |
---|---|---|---|---|---|---|
r-devel-linux-x86_64-debian-clang | 0.1.5 | 1.71 | 18.39 | 20.10 | NOTE | |
r-devel-linux-x86_64-debian-gcc | 0.1.5 | 1.35 | 15.03 | 16.38 | NOTE | |
r-devel-linux-x86_64-fedora-clang | 0.1.5 | 30.15 | NOTE | |||
r-devel-linux-x86_64-fedora-gcc | 0.1.5 | 28.11 | NOTE | |||
r-devel-windows-x86_64 | 0.1.5 | 3.00 | 40.00 | 43.00 | NOTE | |
r-patched-linux-x86_64 | 0.1.5 | 1.76 | 16.80 | 18.56 | NOTE | |
r-release-linux-x86_64 | 0.1.5 | 1.64 | 16.56 | 18.20 | NOTE | |
r-release-macos-arm64 | 0.1.5 | 18.00 | NOTE | |||
r-release-macos-x86_64 | 0.1.5 | 23.00 | NOTE | |||
r-release-windows-x86_64 | 0.1.5 | 3.00 | 44.00 | 47.00 | NOTE | |
r-oldrel-macos-arm64 | 0.1.5 | 15.00 | NOTE | |||
r-oldrel-macos-x86_64 | 0.1.5 | 21.00 | NOTE | |||
r-oldrel-windows-x86_64 | 0.1.5 | 4.00 | 43.00 | 47.00 | NOTE |
Version: 0.1.5
Check: CRAN incoming feasibility
Result: NOTE
Maintainer: ‘Imanuel Costigan <i.costigan@me.com>’
No Authors@R field in DESCRIPTION.
Please add one, modifying
Authors@R: person(given = "Imanuel",
family = "Costigan",
role = c("aut", "cre"),
email = "i.costigan@me.com")
as necessary.
Flavors: r-devel-linux-x86_64-debian-clang, r-devel-linux-x86_64-debian-gcc
Version: 0.1.5
Check: Rd files
Result: NOTE
checkRd: (-1) create_terminal_dir.Rd:11: Lost braces; missing escapes or markup?
11 | the following child folders: {repo_base}/bin/ and {repo_base}/src/. A
| ^
checkRd: (-1) create_terminal_dir.Rd:11: Lost braces; missing escapes or markup?
11 | the following child folders: {repo_base}/bin/ and {repo_base}/src/. A
| ^
checkRd: (-1) full_repo_dir.Rd:11: Lost braces; missing escapes or markup?
11 | the following child folders: {repo_base}/bin/ and {repo_base}/src/. A
| ^
checkRd: (-1) full_repo_dir.Rd:11: Lost braces; missing escapes or markup?
11 | the following child folders: {repo_base}/bin/ and {repo_base}/src/. A
| ^
Flavors: r-devel-linux-x86_64-debian-clang, r-devel-linux-x86_64-debian-gcc, r-devel-linux-x86_64-fedora-clang, r-devel-linux-x86_64-fedora-gcc, r-devel-windows-x86_64, r-patched-linux-x86_64, r-release-linux-x86_64, r-release-macos-arm64, r-release-macos-x86_64, r-release-windows-x86_64, r-oldrel-macos-arm64, r-oldrel-macos-x86_64, r-oldrel-windows-x86_64
These binaries (installable software) and packages are in development.
They may not be fully stable and should be used with caution. We make no claims about them.