Last updated on 2025-02-16 08:50:51 CET.
Flavor | Version | Tinstall | Tcheck | Ttotal | Status | Flags |
---|---|---|---|---|---|---|
r-devel-linux-x86_64-debian-clang | 0.2.0 | 2.24 | 22.59 | 24.83 | OK | |
r-devel-linux-x86_64-debian-gcc | 0.2.0 | 1.95 | 18.26 | 20.21 | OK | |
r-devel-linux-x86_64-fedora-clang | 0.2.0 | 41.47 | OK | |||
r-devel-linux-x86_64-fedora-gcc | 0.2.0 | 40.25 | OK | |||
r-devel-macos-arm64 | 0.2.0 | 22.00 | OK | |||
r-devel-macos-x86_64 | 0.2.0 | 38.00 | OK | |||
r-devel-windows-x86_64 | 0.2.0 | 6.00 | 54.00 | 60.00 | OK | |
r-patched-linux-x86_64 | 0.2.0 | 2.42 | 22.07 | 24.49 | NOTE | |
r-release-linux-x86_64 | 0.2.0 | 2.22 | 21.99 | 24.21 | NOTE | |
r-release-macos-arm64 | 0.2.0 | 19.00 | NOTE | |||
r-release-macos-x86_64 | 0.2.0 | 27.00 | NOTE | |||
r-release-windows-x86_64 | 0.2.0 | 7.00 | 61.00 | 68.00 | NOTE | |
r-oldrel-macos-arm64 | 0.2.0 | 21.00 | NOTE | |||
r-oldrel-macos-x86_64 | 0.2.0 | 27.00 | NOTE | |||
r-oldrel-windows-x86_64 | 0.2.0 | 7.00 | 58.00 | 65.00 | NOTE |
Version: 0.2.0
Check: LazyData
Result: NOTE
'LazyData' is specified without a 'data' directory
Flavors: r-patched-linux-x86_64, r-release-linux-x86_64, r-release-macos-arm64, r-release-macos-x86_64, r-release-windows-x86_64, r-oldrel-macos-arm64, r-oldrel-macos-x86_64, r-oldrel-windows-x86_64
These binaries (installable software) and packages are in development.
They may not be fully stable and should be used with caution. We make no claims about them.