CRAN Package Check Results for Package manet

Last updated on 2025-02-16 08:50:51 CET.

Flavor Version Tinstall Tcheck Ttotal Status Flags
r-devel-linux-x86_64-debian-clang 2.0 8.91 73.28 82.19 NOTE
r-devel-linux-x86_64-debian-gcc 2.0 6.20 55.26 61.46 NOTE
r-devel-linux-x86_64-fedora-clang 2.0 132.89 NOTE
r-devel-linux-x86_64-fedora-gcc 2.0 124.01 NOTE
r-devel-macos-arm64 2.0 41.00 NOTE
r-devel-macos-x86_64 2.0 77.00 NOTE
r-devel-windows-x86_64 2.0 9.00 84.00 93.00 NOTE
r-patched-linux-x86_64 2.0 8.05 68.81 76.86 NOTE
r-release-linux-x86_64 2.0 7.84 69.21 77.05 NOTE
r-release-macos-arm64 2.0 37.00 NOTE
r-release-macos-x86_64 2.0 59.00 NOTE
r-release-windows-x86_64 2.0 10.00 85.00 95.00 NOTE
r-oldrel-macos-arm64 2.0 44.00 OK
r-oldrel-macos-x86_64 2.0 67.00 OK
r-oldrel-windows-x86_64 2.0 11.00 96.00 107.00 OK

Check Details

Version: 2.0
Check: Rd files
Result: NOTE checkRd: (-1) manet.Rd:25: Lost braces in \itemize; \value handles \item{}{} directly checkRd: (-1) manet.Rd:26: Lost braces in \itemize; \value handles \item{}{} directly checkRd: (-1) manet.Rd:27: Lost braces in \itemize; \value handles \item{}{} directly checkRd: (-1) manet.Rd:28: Lost braces in \itemize; \value handles \item{}{} directly checkRd: (-1) manet.Rd:29: Lost braces in \itemize; \value handles \item{}{} directly checkRd: (-1) manet.Rd:30: Lost braces in \itemize; \value handles \item{}{} directly checkRd: (-1) mixtbern.Rd:23: Lost braces in \itemize; \value handles \item{}{} directly checkRd: (-1) mixtbern.Rd:24: Lost braces in \itemize; \value handles \item{}{} directly checkRd: (-1) mixtbern.Rd:25: Lost braces in \itemize; \value handles \item{}{} directly checkRd: (-1) mixtbern.Rd:26: Lost braces in \itemize; \value handles \item{}{} directly checkRd: (-1) mixtbern.Rd:27: Lost braces in \itemize; \value handles \item{}{} directly Flavors: r-devel-linux-x86_64-debian-clang, r-devel-linux-x86_64-debian-gcc, r-devel-linux-x86_64-fedora-clang, r-devel-linux-x86_64-fedora-gcc, r-devel-macos-arm64, r-devel-macos-x86_64, r-devel-windows-x86_64, r-patched-linux-x86_64, r-release-linux-x86_64, r-release-macos-arm64, r-release-macos-x86_64, r-release-windows-x86_64

These binaries (installable software) and packages are in development.
They may not be fully stable and should be used with caution. We make no claims about them.