Last updated on 2025-02-07 08:51:26 CET.
Flavor | Version | Tinstall | Tcheck | Ttotal | Status | Flags |
---|---|---|---|---|---|---|
r-devel-linux-x86_64-debian-clang | 1.6.0 | 8.04 | 63.91 | 71.95 | NOTE | |
r-devel-linux-x86_64-debian-gcc | 1.6.0 | 6.69 | 46.88 | 53.57 | NOTE | |
r-devel-linux-x86_64-fedora-clang | 1.6.0 | 117.08 | OK | |||
r-devel-linux-x86_64-fedora-gcc | 1.6.0 | 121.78 | OK | |||
r-devel-windows-x86_64 | 1.6.0 | 11.00 | 84.00 | 95.00 | NOTE | |
r-patched-linux-x86_64 | 1.6.0 | 15.17 | 58.88 | 74.05 | OK | |
r-release-linux-x86_64 | 1.6.0 | 7.46 | 59.09 | 66.55 | OK | |
r-release-macos-arm64 | 1.6.0 | 64.00 | OK | |||
r-release-macos-x86_64 | 1.6.0 | 72.00 | OK | |||
r-release-windows-x86_64 | 1.6.0 | 14.00 | 82.00 | 96.00 | OK | |
r-oldrel-macos-arm64 | 1.6.0 | 49.00 | OK | |||
r-oldrel-macos-x86_64 | 1.6.0 | 83.00 | OK | |||
r-oldrel-windows-x86_64 | 1.6.0 | 14.00 | 95.00 | 109.00 | OK |
Version: 1.6.0
Check: Rd cross-references
Result: NOTE
Found the following Rd file(s) with Rd \link{} targets missing package
anchors:
mp_interpolate.Rd: na.approx
Please provide package anchors for all Rd \link{} targets not in the
package itself and the base packages.
Flavors: r-devel-linux-x86_64-debian-clang, r-devel-linux-x86_64-debian-gcc, r-devel-windows-x86_64
These binaries (installable software) and packages are in development.
They may not be fully stable and should be used with caution. We make no claims about them.