CRAN Package Check Results for Package manifold

Last updated on 2025-07-22 07:49:43 CEST.

Flavor Version Tinstall Tcheck Ttotal Status Flags
r-devel-linux-x86_64-debian-clang 0.1.1 41.63 67.34 108.97 NOTE
r-devel-linux-x86_64-debian-gcc 0.1.1 30.31 50.65 80.96 NOTE
r-devel-linux-x86_64-fedora-clang 0.1.1 184.92 NOTE
r-devel-linux-x86_64-fedora-gcc 0.1.1 176.47 NOTE
r-devel-windows-x86_64 0.1.1 48.00 96.00 144.00 NOTE
r-patched-linux-x86_64 0.1.1 43.98 64.10 108.08 NOTE
r-release-linux-x86_64 0.1.1 41.24 64.73 105.97 NOTE
r-release-macos-arm64 0.1.1 65.00 NOTE
r-release-macos-x86_64 0.1.1 102.00 NOTE
r-release-windows-x86_64 0.1.1 47.00 95.00 142.00 NOTE
r-oldrel-macos-arm64 0.1.1 48.00 NOTE
r-oldrel-macos-x86_64 0.1.1 73.00 NOTE
r-oldrel-windows-x86_64 0.1.1 56.00 124.00 180.00 NOTE

Check Details

Version: 0.1.1
Check: C++ specification
Result: NOTE Specified C++11: please drop specification unless essential Flavors: r-devel-linux-x86_64-debian-clang, r-devel-linux-x86_64-debian-gcc, r-devel-linux-x86_64-fedora-clang, r-devel-linux-x86_64-fedora-gcc, r-devel-windows-x86_64, r-patched-linux-x86_64, r-release-linux-x86_64, r-release-macos-arm64, r-release-macos-x86_64, r-release-windows-x86_64, r-oldrel-macos-arm64, r-oldrel-macos-x86_64, r-oldrel-windows-x86_64

These binaries (installable software) and packages are in development.
They may not be fully stable and should be used with caution. We make no claims about them.