Last updated on 2025-07-26 03:49:54 CEST.
Flavor | Version | Tinstall | Tcheck | Ttotal | Status | Flags |
---|---|---|---|---|---|---|
r-devel-linux-x86_64-debian-clang | 0.11.1 | 6.63 | 58.68 | 65.31 | NOTE | |
r-devel-linux-x86_64-debian-gcc | 0.11.1 | 4.39 | 43.93 | 48.32 | NOTE | |
r-devel-linux-x86_64-fedora-clang | 0.11.1 | 101.88 | NOTE | |||
r-devel-linux-x86_64-fedora-gcc | 0.11.1 | 124.22 | NOTE | |||
r-devel-windows-x86_64 | 0.11.1 | 8.00 | 106.00 | 114.00 | NOTE | |
r-patched-linux-x86_64 | 0.11.1 | 6.93 | 55.53 | 62.46 | NOTE | |
r-release-linux-x86_64 | 0.11.1 | 4.85 | 56.64 | 61.49 | NOTE | |
r-release-macos-arm64 | 0.11.1 | 74.00 | NOTE | |||
r-release-macos-x86_64 | 0.11.1 | 123.00 | NOTE | |||
r-release-windows-x86_64 | 0.11.1 | 8.00 | 95.00 | 103.00 | NOTE | |
r-oldrel-macos-arm64 | 0.11.1 | 46.00 | NOTE | |||
r-oldrel-macos-x86_64 | 0.11.1 | 69.00 | NOTE | |||
r-oldrel-windows-x86_64 | 0.11.1 | 11.00 | 102.00 | 113.00 | NOTE |
Version: 0.11.1
Check: Rd files
Result: NOTE
checkRd: (-1) manipulateWidget.Rd:113-117: Lost braces in \itemize; meant \describe ?
checkRd: (-1) manipulateWidget.Rd:118-120: Lost braces in \itemize; meant \describe ?
checkRd: (-1) manipulateWidget.Rd:121-123: Lost braces in \itemize; meant \describe ?
checkRd: (-1) manipulateWidget.Rd:124-127: Lost braces in \itemize; meant \describe ?
Flavors: r-devel-linux-x86_64-debian-clang, r-devel-linux-x86_64-debian-gcc, r-devel-linux-x86_64-fedora-clang, r-devel-linux-x86_64-fedora-gcc, r-devel-windows-x86_64, r-patched-linux-x86_64, r-release-linux-x86_64, r-release-macos-arm64, r-release-macos-x86_64, r-release-windows-x86_64, r-oldrel-macos-arm64, r-oldrel-macos-x86_64, r-oldrel-windows-x86_64
These binaries (installable software) and packages are in development.
They may not be fully stable and should be used with caution. We make no claims about them.