Last updated on 2025-10-23 11:50:18 CEST.
Flavor | Version | Tinstall | Tcheck | Ttotal | Status | Flags |
---|---|---|---|---|---|---|
r-devel-linux-x86_64-debian-clang | 1.1.3 | 20.64 | 189.07 | 209.71 | NOTE | |
r-devel-linux-x86_64-debian-gcc | 1.1.3 | 15.10 | 136.56 | 151.66 | OK | |
r-devel-linux-x86_64-fedora-clang | 1.1.3 | 48.00 | 284.02 | 332.02 | OK | |
r-devel-linux-x86_64-fedora-gcc | 1.1.3 | 40.00 | 265.63 | 305.63 | OK | |
r-devel-windows-x86_64 | 1.1.3 | 21.00 | 176.00 | 197.00 | OK | |
r-patched-linux-x86_64 | 1.1.3 | 19.43 | 179.88 | 199.31 | OK | |
r-release-linux-x86_64 | 1.1.3 | 19.67 | 180.40 | 200.07 | OK | |
r-release-macos-arm64 | 1.1.3 | 9.00 | 75.00 | 84.00 | OK | |
r-release-macos-x86_64 | 1.1.3 | 19.00 | 159.00 | 178.00 | OK | |
r-release-windows-x86_64 | 1.1.3 | 20.00 | 174.00 | 194.00 | OK | |
r-oldrel-macos-arm64 | 1.1.3 | 10.00 | 80.00 | 90.00 | OK | |
r-oldrel-macos-x86_64 | 1.1.3 | 21.00 | 162.00 | 183.00 | OK | |
r-oldrel-windows-x86_64 | 1.1.3 | 28.00 | 224.00 | 252.00 | OK |
Version: 1.1.3
Check: HTML version of manual
Result: NOTE
Found the following HTML validation problems:
call_sources.html:57:1 (call_sources.Rd:16): Warning: missing </ul> before </div>
Flavor: r-devel-linux-x86_64-debian-clang
These binaries (installable software) and packages are in development.
They may not be fully stable and should be used with caution. We make no claims about them.