Last updated on 2025-11-12 23:50:48 CET.
| Flavor | Version | Tinstall | Tcheck | Ttotal | Status | Flags |
|---|---|---|---|---|---|---|
| r-devel-linux-x86_64-debian-clang | 0.3.1 | 12.02 | 529.35 | 541.37 | OK | |
| r-devel-linux-x86_64-debian-gcc | 0.3.1 | 7.90 | 307.53 | 315.43 | OK | |
| r-devel-linux-x86_64-fedora-clang | 0.3.1 | 57.00 | 856.11 | 913.11 | OK | |
| r-devel-linux-x86_64-fedora-gcc | 0.3.1 | 25.00 | 815.46 | 840.46 | OK | |
| r-devel-windows-x86_64 | 0.3.1 | 16.00 | 340.00 | 356.00 | OK | |
| r-patched-linux-x86_64 | 0.3.1 | 14.70 | 507.05 | 521.75 | OK | |
| r-release-linux-x86_64 | 0.3.1 | 11.83 | 508.44 | 520.27 | OK | |
| r-release-macos-arm64 | 0.3.1 | 5.00 | 145.00 | 150.00 | OK | |
| r-release-macos-x86_64 | 0.3.1 | 13.00 | 242.00 | 255.00 | OK | |
| r-release-windows-x86_64 | 0.3.1 | 16.00 | 337.00 | 353.00 | OK | |
| r-oldrel-macos-arm64 | 0.3.1 | 5.00 | 143.00 | 148.00 | OK | |
| r-oldrel-macos-x86_64 | 0.3.1 | 9.00 | 390.00 | 399.00 | OK | |
| r-oldrel-windows-x86_64 | 0.3.1 | 21.00 | 466.00 | 487.00 | NOTE |
Version: 0.3.1
Check: package dependencies
Result: NOTE
Packages suggested but not available for checking: 'semPlot', 'semptools'
Flavor: r-oldrel-windows-x86_64
These binaries (installable software) and packages are in development.
They may not be fully stable and should be used with caution. We make no claims about them.