Last updated on 2025-11-12 12:53:14 CET.
| Flavor | Version | Tinstall | Tcheck | Ttotal | Status | Flags |
|---|---|---|---|---|---|---|
| r-devel-linux-x86_64-debian-clang | 0.2.7 | 128.09 | 93.05 | 221.14 | OK | |
| r-devel-linux-x86_64-debian-gcc | 0.2.7 | 81.60 | 69.40 | 151.00 | OK | |
| r-devel-linux-x86_64-fedora-clang | 0.2.7 | 217.00 | 186.57 | 403.57 | OK | |
| r-devel-linux-x86_64-fedora-gcc | 0.2.7 | 215.00 | 146.02 | 361.02 | OK | |
| r-devel-windows-x86_64 | 0.2.7 | 144.00 | 129.00 | 273.00 | OK | |
| r-patched-linux-x86_64 | 0.2.7 | 125.56 | 88.59 | 214.15 | OK | |
| r-release-linux-x86_64 | 0.2.7 | 125.20 | 88.84 | 214.04 | OK | |
| r-release-macos-arm64 | 0.2.7 | 42.00 | 40.00 | 82.00 | OK | |
| r-release-macos-x86_64 | 0.2.7 | 56.00 | 108.00 | 164.00 | OK | |
| r-release-windows-x86_64 | 0.2.7 | 141.00 | 129.00 | 270.00 | OK | |
| r-oldrel-macos-arm64 | 0.2.7 | 41.00 | 43.00 | 84.00 | NOTE | |
| r-oldrel-macos-x86_64 | 0.2.7 | 47.00 | 82.00 | 129.00 | NOTE | |
| r-oldrel-windows-x86_64 | 0.2.7 | 168.00 | 163.00 | 331.00 | OK |
Version: 0.2.7
Check: installed package size
Result: NOTE
installed size is 7.8Mb
sub-directories of 1Mb or more:
libs 7.4Mb
Flavors: r-oldrel-macos-arm64, r-oldrel-macos-x86_64
These binaries (installable software) and packages are in development.
They may not be fully stable and should be used with caution. We make no claims about them.