CRAN Package Check Results for Package maotai

Last updated on 2025-05-08 04:52:10 CEST.

Flavor Version Tinstall Tcheck Ttotal Status Flags
r-devel-linux-x86_64-debian-clang 0.2.6 92.65 87.94 180.59 OK
r-devel-linux-x86_64-debian-gcc 0.2.6 67.38 66.25 133.63 OK
r-devel-linux-x86_64-fedora-clang 0.2.6 367.97 OK
r-devel-linux-x86_64-fedora-gcc 0.2.6 365.06 OK
r-devel-windows-x86_64 0.2.6 104.00 125.00 229.00 OK
r-patched-linux-x86_64 0.2.6 95.34 83.29 178.63 OK
r-release-linux-x86_64 0.2.6 95.16 83.72 178.88 OK
r-release-macos-arm64 0.2.6 68.00 OK
r-release-macos-x86_64 0.2.6 110.00 OK
r-release-windows-x86_64 0.2.6 103.00 130.00 233.00 OK
r-oldrel-macos-arm64 0.2.6 71.00 NOTE
r-oldrel-macos-x86_64 0.2.6 101.00 NOTE
r-oldrel-windows-x86_64 0.2.6 131.00 152.00 283.00 OK

Check Details

Version: 0.2.6
Check: installed package size
Result: NOTE installed size is 6.4Mb sub-directories of 1Mb or more: libs 6.0Mb Flavors: r-oldrel-macos-arm64, r-oldrel-macos-x86_64

These binaries (installable software) and packages are in development.
They may not be fully stable and should be used with caution. We make no claims about them.