Last updated on 2025-05-01 12:49:32 CEST.
Flavor | Version | Tinstall | Tcheck | Ttotal | Status | Flags |
---|---|---|---|---|---|---|
r-devel-linux-x86_64-debian-clang | 0.6.2 | 32.71 | 298.85 | 331.56 | OK | |
r-devel-linux-x86_64-debian-gcc | 0.6.2 | 23.60 | 196.61 | 220.21 | OK | |
r-devel-linux-x86_64-fedora-clang | 0.6.2 | 558.27 | OK | |||
r-devel-linux-x86_64-fedora-gcc | 0.6.2 | 488.23 | OK | |||
r-devel-windows-x86_64 | 0.6.2 | 33.00 | 256.00 | 289.00 | OK | |
r-patched-linux-x86_64 | 0.6.2 | 33.33 | 277.53 | 310.86 | OK | |
r-release-linux-x86_64 | OK | |||||
r-release-macos-arm64 | 0.6.2 | 116.00 | OK | |||
r-release-macos-x86_64 | 0.6.2 | 285.00 | OK | |||
r-release-windows-x86_64 | 0.6.2 | 33.00 | 268.00 | 301.00 | OK | |
r-oldrel-macos-arm64 | 0.6.2 | 105.00 | OK | |||
r-oldrel-macos-x86_64 | 0.6.2 | 238.00 | OK | |||
r-oldrel-windows-x86_64 | 0.6.2 | 42.00 | 335.00 | 377.00 | WARN |
Version: 0.6.2
Check: whether the namespace can be loaded with stated dependencies
Result: WARN
A namespace must be able to be loaded with just the base namespace
loaded: otherwise if the namespace gets loaded by a saved object, the
session will be unable to start.
Probably some imports need to be declared in the NAMESPACE file.
Flavor: r-oldrel-windows-x86_64
These binaries (installable software) and packages are in development.
They may not be fully stable and should be used with caution. We make no claims about them.