Last updated on 2025-05-01 14:49:14 CEST.
Flavor | Version | Tinstall | Tcheck | Ttotal | Status | Flags |
---|---|---|---|---|---|---|
r-devel-linux-x86_64-debian-clang | 2.3.1 | 13.29 | 20.42 | 33.71 | NOTE | |
r-devel-linux-x86_64-debian-gcc | 2.3.1 | 8.59 | 17.25 | 25.84 | NOTE | |
r-devel-linux-x86_64-fedora-clang | 2.3.1 | 51.15 | OK | |||
r-devel-linux-x86_64-fedora-gcc | 2.3.1 | 50.66 | OK | |||
r-devel-windows-x86_64 | 2.3.1 | 22.00 | 53.00 | 75.00 | OK | |
r-patched-linux-x86_64 | 2.3.1 | 11.07 | 19.42 | 30.49 | OK | |
r-release-linux-x86_64 | OK | |||||
r-release-macos-arm64 | 2.3.1 | 31.00 | OK | |||
r-release-macos-x86_64 | 2.3.1 | 48.00 | OK | |||
r-release-windows-x86_64 | 2.3.1 | 20.00 | 57.00 | 77.00 | OK | |
r-oldrel-macos-arm64 | 2.3.1 | 32.00 | NOTE | |||
r-oldrel-macos-x86_64 | 2.3.1 | 38.00 | NOTE | |||
r-oldrel-windows-x86_64 | 2.3.1 | 27.00 | 46.00 | 73.00 | NOTE |
Version: 2.3.1
Check: CRAN incoming feasibility
Result: NOTE
Maintainer: ‘Alex Deckmyn <alex.deckmyn@meteo.be>’
No Authors@R field in DESCRIPTION.
Please add one, modifying
Authors@R: c(person(given = c("Original", "S", "code", "by", "Richard", "A."),
family = "Becker",
role = "aut"),
person(given = c("Allan", "R.", "Wilks.", "R", "version", "by", "Ray"),
family = "Brownrigg.",
role = "aut",
email = "Ray.Brownrigg@ecs.vuw.ac.nz"),
person(given = "Alex",
family = "Deckmyn",
role = "cre",
email = "alex.deckmyn@meteo.be"))
as necessary.
Flavors: r-devel-linux-x86_64-debian-clang, r-devel-linux-x86_64-debian-gcc
Version: 2.3.1
Check: installed package size
Result: NOTE
installed size is 33.5Mb
sub-directories of 1Mb or more:
mapdata 33.4Mb
Flavors: r-oldrel-macos-arm64, r-oldrel-macos-x86_64, r-oldrel-windows-x86_64
These binaries (installable software) and packages are in development.
They may not be fully stable and should be used with caution. We make no claims about them.