CRAN Package Check Results for Package mapdata

Last updated on 2025-02-16 08:50:51 CET.

Flavor Version Tinstall Tcheck Ttotal Status Flags
r-devel-linux-x86_64-debian-clang 2.3.1 11.89 19.76 31.65 OK
r-devel-linux-x86_64-debian-gcc 2.3.1 9.16 16.27 25.43 OK
r-devel-linux-x86_64-fedora-clang 2.3.1 53.31 OK
r-devel-linux-x86_64-fedora-gcc 2.3.1 51.05 OK
r-devel-macos-arm64 2.3.1 27.00 OK
r-devel-macos-x86_64 2.3.1 46.00 OK
r-devel-windows-x86_64 2.3.1 20.00 43.00 63.00 OK
r-patched-linux-x86_64 2.3.1 10.80 18.85 29.65 OK
r-release-linux-x86_64 2.3.1 12.24 18.73 30.97 OK
r-release-macos-arm64 2.3.1 32.00 NOTE
r-release-macos-x86_64 2.3.1 38.00 NOTE
r-release-windows-x86_64 2.3.1 21.00 42.00 63.00 NOTE
r-oldrel-macos-arm64 2.3.1 28.00 NOTE
r-oldrel-macos-x86_64 2.3.1 46.00 NOTE
r-oldrel-windows-x86_64 2.3.1 24.00 44.00 68.00 NOTE

Check Details

Version: 2.3.1
Check: installed package size
Result: NOTE installed size is 33.5Mb sub-directories of 1Mb or more: mapdata 33.4Mb Flavors: r-release-macos-arm64, r-release-macos-x86_64, r-release-windows-x86_64, r-oldrel-macos-arm64, r-oldrel-macos-x86_64, r-oldrel-windows-x86_64

These binaries (installable software) and packages are in development.
They may not be fully stable and should be used with caution. We make no claims about them.