Last updated on 2025-02-16 08:50:51 CET.
Flavor | Version | Tinstall | Tcheck | Ttotal | Status | Flags |
---|---|---|---|---|---|---|
r-devel-linux-x86_64-debian-clang | 0.6.0 | 3.46 | 44.46 | 47.92 | NOTE | |
r-devel-linux-x86_64-debian-gcc | 0.6.0 | 3.05 | 32.14 | 35.19 | NOTE | |
r-devel-linux-x86_64-fedora-clang | 0.6.0 | 80.13 | NOTE | |||
r-devel-linux-x86_64-fedora-gcc | 0.6.0 | 73.09 | NOTE | |||
r-devel-macos-arm64 | 0.6.0 | 25.00 | NOTE | |||
r-devel-macos-x86_64 | 0.6.0 | 47.00 | NOTE | |||
r-devel-windows-x86_64 | 0.6.0 | 8.00 | 63.00 | 71.00 | NOTE | |
r-patched-linux-x86_64 | 0.6.0 | 7.55 | 41.95 | 49.50 | NOTE | |
r-release-linux-x86_64 | 0.6.0 | 3.63 | 41.76 | 45.39 | NOTE | |
r-release-macos-arm64 | 0.6.0 | 27.00 | NOTE | |||
r-release-macos-x86_64 | 0.6.0 | 37.00 | NOTE | |||
r-release-windows-x86_64 | 0.6.0 | 7.00 | 61.00 | 68.00 | NOTE | |
r-oldrel-macos-arm64 | 0.6.0 | 29.00 | NOTE | |||
r-oldrel-macos-x86_64 | 0.6.0 | 38.00 | NOTE | |||
r-oldrel-windows-x86_64 | 0.6.0 | 8.00 | 68.00 | 76.00 | NOTE |
Version: 0.6.0
Check: package subdirectories
Result: NOTE
Problems with news in ‘NEWS.md’:
Cannot extract version info from the following section titles:
Bug Fixes
Flavors: r-devel-linux-x86_64-debian-clang, r-devel-linux-x86_64-debian-gcc, r-devel-linux-x86_64-fedora-clang, r-devel-linux-x86_64-fedora-gcc, r-devel-macos-arm64, r-devel-macos-x86_64, r-devel-windows-x86_64, r-patched-linux-x86_64, r-release-linux-x86_64, r-release-macos-arm64, r-release-macos-x86_64, r-release-windows-x86_64, r-oldrel-macos-arm64, r-oldrel-macos-x86_64, r-oldrel-windows-x86_64
Version: 0.6.0
Check: Rd cross-references
Result: NOTE
Found the following Rd file(s) with Rd \link{} targets missing package
anchors:
selectFeatures.Rd: geos_binary_pred
Please provide package anchors for all Rd \link{} targets not in the
package itself and the base packages.
Flavors: r-devel-linux-x86_64-debian-clang, r-devel-linux-x86_64-debian-gcc, r-devel-windows-x86_64
Version: 0.6.0
Check: LazyData
Result: NOTE
'LazyData' is specified without a 'data' directory
Flavors: r-patched-linux-x86_64, r-release-linux-x86_64, r-release-macos-arm64, r-release-macos-x86_64, r-release-windows-x86_64, r-oldrel-macos-arm64, r-oldrel-macos-x86_64, r-oldrel-windows-x86_64
These binaries (installable software) and packages are in development.
They may not be fully stable and should be used with caution. We make no claims about them.