CRAN Package Check Results for Package mapfit

Last updated on 2025-07-21 19:49:48 CEST.

Flavor Version Tinstall Tcheck Ttotal Status Flags
r-devel-linux-x86_64-debian-clang 1.0.0 63.71 89.90 153.61 OK
r-devel-linux-x86_64-debian-gcc 1.0.0 52.10 68.16 120.26 OK
r-devel-linux-x86_64-fedora-clang 1.0.0 254.44 OK
r-devel-linux-x86_64-fedora-gcc 1.0.0 266.16 OK
r-devel-windows-x86_64 1.0.0 72.00 122.00 194.00 OK
r-patched-linux-x86_64 1.0.0 67.26 82.92 150.18 OK
r-release-linux-x86_64 1.0.0 71.10 82.34 153.44 OK
r-release-macos-arm64 1.0.0 94.00 OK
r-release-macos-x86_64 1.0.0 124.00 OK
r-release-windows-x86_64 1.0.0 72.00 135.00 207.00 OK
r-oldrel-macos-arm64 1.0.0 68.00 NOTE
r-oldrel-macos-x86_64 1.0.0 92.00 NOTE
r-oldrel-windows-x86_64 1.0.0 91.00 154.00 245.00 OK

Check Details

Version: 1.0.0
Check: installed package size
Result: NOTE installed size is 5.8Mb sub-directories of 1Mb or more: libs 5.1Mb Flavors: r-oldrel-macos-arm64, r-oldrel-macos-x86_64

These binaries (installable software) and packages are in development.
They may not be fully stable and should be used with caution. We make no claims about them.