Last updated on 2025-10-23 17:50:53 CEST.
Flavor | Version | Tinstall | Tcheck | Ttotal | Status | Flags |
---|---|---|---|---|---|---|
r-devel-linux-x86_64-debian-clang | 0.4.1 | 25.77 | 228.19 | 253.96 | NOTE | |
r-devel-linux-x86_64-debian-gcc | 0.4.1 | 18.17 | 140.59 | 158.76 | OK | |
r-devel-linux-x86_64-fedora-clang | 0.4.1 | 81.00 | 330.25 | 411.25 | OK | |
r-devel-linux-x86_64-fedora-gcc | 0.4.1 | 58.00 | 329.27 | 387.27 | OK | |
r-devel-windows-x86_64 | 0.4.1 | 29.00 | 199.00 | 228.00 | OK | |
r-patched-linux-x86_64 | 0.4.1 | 30.83 | 214.64 | 245.47 | OK | |
r-release-linux-x86_64 | 0.4.1 | 27.85 | 217.31 | 245.16 | OK | |
r-release-macos-arm64 | 0.4.1 | 12.00 | 68.00 | 80.00 | OK | |
r-release-macos-x86_64 | 0.4.1 | 24.00 | 180.00 | 204.00 | OK | |
r-release-windows-x86_64 | 0.4.1 | 30.00 | 203.00 | 233.00 | OK | |
r-oldrel-macos-arm64 | 0.4.1 | 12.00 | 71.00 | 83.00 | OK | |
r-oldrel-macos-x86_64 | 0.4.1 | 29.00 | 207.00 | 236.00 | OK | |
r-oldrel-windows-x86_64 | 0.4.1 | 38.00 | 270.00 | 308.00 | OK |
Version: 0.4.1
Check: HTML version of manual
Result: NOTE
Found the following HTML validation problems:
on_section.html:56:1 (on_section.Rd:14): Warning: missing </ul> before </div>
story_leaflet.html:92:1 (story_leaflet.Rd:42): Warning: missing </ul> before </div>
story_map.html:100:1 (story_map.Rd:48): Warning: missing </ul> before </div>
story_maplibre.html:92:1 (story_maplibre.Rd:42): Warning: missing </ul> before </div>
story_section.html:78:1 (story_section.Rd:30): Warning: missing </ul> before </div>
Flavor: r-devel-linux-x86_64-debian-clang
These binaries (installable software) and packages are in development.
They may not be fully stable and should be used with caution. We make no claims about them.