Last updated on 2025-02-16 08:50:51 CET.
Flavor | Version | Tinstall | Tcheck | Ttotal | Status | Flags |
---|---|---|---|---|---|---|
r-devel-linux-x86_64-debian-clang | 1.0.1 | 15.57 | 43.89 | 59.46 | OK | |
r-devel-linux-x86_64-debian-gcc | 1.0.1 | 13.98 | 32.08 | 46.06 | OK | |
r-devel-linux-x86_64-fedora-clang | 1.0.1 | 97.39 | OK | |||
r-devel-linux-x86_64-fedora-gcc | 1.0.1 | 89.99 | OK | |||
r-devel-macos-arm64 | 1.0.1 | 37.00 | OK | |||
r-devel-macos-x86_64 | 1.0.1 | 62.00 | OK | |||
r-devel-windows-x86_64 | 1.0.1 | 19.00 | 61.00 | 80.00 | OK | |
r-patched-linux-x86_64 | 1.0.1 | 13.99 | 41.21 | 55.20 | OK | |
r-release-linux-x86_64 | 1.0.1 | 14.10 | 41.01 | 55.11 | OK | |
r-release-macos-arm64 | 1.0.1 | 42.00 | NOTE | |||
r-release-macos-x86_64 | 1.0.1 | 57.00 | NOTE | |||
r-release-windows-x86_64 | 1.0.1 | 18.00 | 59.00 | 77.00 | NOTE | |
r-oldrel-macos-arm64 | 1.0.1 | 42.00 | NOTE | |||
r-oldrel-macos-x86_64 | 1.0.1 | 101.00 | NOTE | |||
r-oldrel-windows-x86_64 | 1.0.1 | 22.00 | 69.00 | 91.00 | NOTE |
Version: 1.0.1
Check: installed package size
Result: NOTE
installed size is 8.5Mb
sub-directories of 1Mb or more:
R 8.4Mb
Flavors: r-release-macos-arm64, r-release-macos-x86_64, r-release-windows-x86_64, r-oldrel-macos-arm64, r-oldrel-macos-x86_64, r-oldrel-windows-x86_64
These binaries (installable software) and packages are in development.
They may not be fully stable and should be used with caution. We make no claims about them.