CRAN Package Check Results for Package maplegend

Last updated on 2025-05-01 14:49:14 CEST.

Flavor Version Tinstall Tcheck Ttotal Status Flags
r-devel-linux-x86_64-debian-clang 0.2.0 2.83 24.70 27.53 NOTE
r-devel-linux-x86_64-debian-gcc 0.2.0 2.10 19.18 21.28 NOTE
r-devel-linux-x86_64-fedora-clang 0.2.0 41.75 NOTE
r-devel-linux-x86_64-fedora-gcc 0.2.0 39.99 NOTE
r-devel-windows-x86_64 0.2.0 4.00 51.00 55.00 NOTE
r-patched-linux-x86_64 0.2.0 2.29 23.08 25.37 NOTE
r-release-linux-x86_64 NOTE
r-release-macos-arm64 0.2.0 18.00 NOTE
r-release-macos-x86_64 0.2.0 31.00 NOTE
r-release-windows-x86_64 0.2.0 3.00 52.00 55.00 NOTE
r-oldrel-macos-arm64 0.2.0 19.00 OK
r-oldrel-macos-x86_64 0.2.0 212.00 OK
r-oldrel-windows-x86_64 0.2.0 5.00 45.00 50.00 OK

Check Details

Version: 0.2.0
Check: DESCRIPTION meta-information
Result: NOTE Missing dependency on R >= 4.1.0 because package code uses the pipe |> or function shorthand \(...) syntax added in R 4.1.0. File(s) using such syntax: ‘leg_comp.Rd’ ‘leg_draw.Rd’ Flavors: r-devel-linux-x86_64-debian-clang, r-devel-linux-x86_64-debian-gcc, r-devel-linux-x86_64-fedora-clang, r-devel-linux-x86_64-fedora-gcc, r-devel-windows-x86_64, r-patched-linux-x86_64, r-release-linux-x86_64, r-release-macos-arm64, r-release-macos-x86_64, r-release-windows-x86_64

These binaries (installable software) and packages are in development.
They may not be fully stable and should be used with caution. We make no claims about them.