Last updated on 2025-05-01 17:56:07 CEST.
Flavor | Version | Tinstall | Tcheck | Ttotal | Status | Flags |
---|---|---|---|---|---|---|
r-devel-linux-x86_64-debian-clang | 1.5.2 | 2.41 | 47.03 | 49.44 | NOTE | |
r-devel-linux-x86_64-debian-gcc | 1.5.2 | 2.04 | 30.60 | 32.64 | NOTE | |
r-devel-linux-x86_64-fedora-clang | 1.5.2 | 77.51 | OK | |||
r-devel-linux-x86_64-fedora-gcc | 1.5.2 | 73.23 | OK | |||
r-devel-windows-x86_64 | 1.5.2 | 5.00 | 70.00 | 75.00 | OK | |
r-patched-linux-x86_64 | 1.5.2 | 3.33 | 46.62 | 49.95 | OK | |
r-release-linux-x86_64 | OK | |||||
r-release-macos-arm64 | 1.5.2 | 25.00 | OK | |||
r-release-macos-x86_64 | 1.5.2 | 48.00 | OK | |||
r-release-windows-x86_64 | 1.5.2 | 4.00 | 72.00 | 76.00 | OK | |
r-oldrel-macos-arm64 | 1.5.2 | 22.00 | OK | |||
r-oldrel-macos-x86_64 | 1.5.2 | 38.00 | OK | |||
r-oldrel-windows-x86_64 | 1.5.2 | 4.00 | 67.00 | 71.00 | OK |
Version: 1.5.2
Check: CRAN incoming feasibility
Result: NOTE
Maintainer: ‘Hans Gerritsen <hans.gerritsen@marine.ie>’
No Authors@R field in DESCRIPTION.
Please add one, modifying
Authors@R: person(given = "Hans",
family = "Gerritsen",
role = c("aut", "cre"),
email = "hans.gerritsen@marine.ie")
as necessary.
Flavors: r-devel-linux-x86_64-debian-clang, r-devel-linux-x86_64-debian-gcc
Version: 1.5.2
Check: examples
Result: NOTE
Examples with CPU (user + system) or elapsed time > 5s
user system elapsed
make.multigrid 5.171 0.011 7.224
Flavor: r-devel-linux-x86_64-debian-clang
These binaries (installable software) and packages are in development.
They may not be fully stable and should be used with caution. We make no claims about them.