CRAN Package Check Results for Package mappoly

Last updated on 2025-07-17 01:49:52 CEST.

Flavor Version Tinstall Tcheck Ttotal Status Flags
r-devel-linux-x86_64-debian-clang 0.4.1 135.36 289.15 424.51 OK
r-devel-linux-x86_64-debian-gcc 0.4.1 99.65 217.33 316.98 OK
r-devel-linux-x86_64-fedora-clang 0.4.1 728.81 OK
r-devel-linux-x86_64-fedora-gcc 0.4.1 721.55 OK
r-devel-windows-x86_64 0.4.1 141.00 305.00 446.00 OK
r-patched-linux-x86_64 0.4.1 138.00 290.16 428.16 OK
r-release-linux-x86_64 0.4.1 133.54 285.19 418.73 OK
r-release-macos-arm64 0.4.1 276.00 OK
r-release-macos-x86_64 0.4.1 360.00 OK
r-release-windows-x86_64 0.4.1 145.00 294.00 439.00 OK
r-oldrel-macos-arm64 0.4.1 40.00 ERROR
r-oldrel-macos-x86_64 0.4.1 198.00 NOTE
r-oldrel-windows-x86_64 0.4.1 184.00 379.00 563.00 NOTE

Check Details

Version: 0.4.1
Check: whether package can be installed
Result: ERROR Installation failed. Flavor: r-oldrel-macos-arm64

Version: 0.4.1
Check: installed package size
Result: NOTE installed size is 12.5Mb sub-directories of 1Mb or more: R 2.8Mb data 3.0Mb libs 4.8Mb Flavors: r-oldrel-macos-x86_64, r-oldrel-windows-x86_64

Version: 0.4.1
Check: for GNU extensions in Makefiles
Result: NOTE GNU make is a SystemRequirements. Flavors: r-oldrel-macos-x86_64, r-oldrel-windows-x86_64

These binaries (installable software) and packages are in development.
They may not be fully stable and should be used with caution. We make no claims about them.