Last updated on 2025-05-01 08:52:37 CEST.
Flavor | Version | Tinstall | Tcheck | Ttotal | Status | Flags |
---|---|---|---|---|---|---|
r-devel-linux-x86_64-debian-clang | 0.4.1 | 120.25 | 313.28 | 433.53 | NOTE | |
r-devel-linux-x86_64-debian-gcc | 0.4.1 | 105.51 | 222.24 | 327.75 | OK | |
r-devel-linux-x86_64-fedora-clang | 0.4.1 | 813.76 | OK | |||
r-devel-linux-x86_64-fedora-gcc | 0.4.1 | 817.64 | OK | |||
r-devel-windows-x86_64 | 0.4.1 | 150.00 | 311.00 | 461.00 | OK | |
r-patched-linux-x86_64 | 0.4.1 | 142.23 | 289.71 | 431.94 | OK | |
r-release-linux-x86_64 | OK | |||||
r-release-macos-arm64 | 0.4.1 | 276.00 | OK | |||
r-release-macos-x86_64 | 0.4.1 | 360.00 | OK | |||
r-release-windows-x86_64 | 0.4.1 | 150.00 | 322.00 | 472.00 | OK | |
r-oldrel-macos-arm64 | 0.4.1 | 40.00 | ERROR | |||
r-oldrel-macos-x86_64 | 0.4.1 | 198.00 | NOTE | |||
r-oldrel-windows-x86_64 | 0.4.1 | 173.00 | 371.00 | 544.00 | NOTE |
Version: 0.4.1
Check: examples
Result: NOTE
Examples with CPU (user + system) or elapsed time > 5s
user system elapsed
est_rf_hmm 9.178 0.089 12.182
calc_genoprob_single_parent 8.346 0.599 12.025
plot_genome_vs_map 7.700 0.476 9.574
plot_progeny_dosage_change 6.352 1.475 10.472
Flavor: r-devel-linux-x86_64-debian-clang
Version: 0.4.1
Check: examples
Result: NA
user system elapsed
est_rf_hmm 7.898 0.041 9.972
plot_progeny_dosage_change 4.048 1.991 6.727
calc_genoprob_single_parent 4.616 0.622 6.780
plot_genome_vs_map 4.663 0.491 6.759
OK
Flavor: r-devel-linux-x86_64-debian-gcc
Version: 0.4.1
Check: whether package can be installed
Result: ERROR
Installation failed.
Flavor: r-oldrel-macos-arm64
Version: 0.4.1
Check: installed package size
Result: NOTE
installed size is 12.5Mb
sub-directories of 1Mb or more:
R 2.8Mb
data 3.0Mb
libs 4.8Mb
Flavors: r-oldrel-macos-x86_64, r-oldrel-windows-x86_64
Version: 0.4.1
Check: for GNU extensions in Makefiles
Result: NOTE
GNU make is a SystemRequirements.
Flavors: r-oldrel-macos-x86_64, r-oldrel-windows-x86_64
These binaries (installable software) and packages are in development.
They may not be fully stable and should be used with caution. We make no claims about them.