Last updated on 2025-02-02 16:49:12 CET.
Flavor | Version | Tinstall | Tcheck | Ttotal | Status | Flags |
---|---|---|---|---|---|---|
r-devel-linux-x86_64-debian-clang | 1.0.0 | 1.55 | 18.46 | 20.01 | OK | |
r-devel-linux-x86_64-debian-gcc | 1.0.0 | 1.45 | 15.32 | 16.77 | OK | |
r-devel-linux-x86_64-fedora-clang | 1.0.0 | 32.69 | NOTE | |||
r-devel-linux-x86_64-fedora-gcc | 1.0.0 | 32.27 | NOTE | |||
r-devel-windows-x86_64 | 1.0.0 | 3.00 | 47.00 | 50.00 | OK | |
r-patched-linux-x86_64 | 1.0.0 | 1.74 | 17.48 | 19.22 | OK | |
r-release-linux-x86_64 | 1.0.0 | 1.35 | 17.71 | 19.06 | OK | |
r-release-macos-arm64 | 1.0.0 | 21.00 | OK | |||
r-release-macos-x86_64 | 1.0.0 | 25.00 | OK | |||
r-release-windows-x86_64 | 1.0.0 | 4.00 | 44.00 | 48.00 | OK | |
r-oldrel-macos-arm64 | 1.0.0 | 21.00 | OK | |||
r-oldrel-macos-x86_64 | 1.0.0 | 26.00 | OK | |||
r-oldrel-windows-x86_64 | 1.0.0 | 4.00 | 45.00 | 49.00 | OK |
Version: 1.0.0
Check: dependencies in R code
Result: NOTE
Namespace in Imports field not imported from: ‘pbmcapply’
All declared Imports should be used.
Flavors: r-devel-linux-x86_64-fedora-clang, r-devel-linux-x86_64-fedora-gcc
These binaries (installable software) and packages are in development.
They may not be fully stable and should be used with caution. We make no claims about them.