Last updated on 2025-05-08 04:52:10 CEST.
Flavor | Version | Tinstall | Tcheck | Ttotal | Status | Flags |
---|---|---|---|---|---|---|
r-devel-linux-x86_64-debian-clang | 0.1.1 | 26.76 | 69.62 | 96.38 | OK | |
r-devel-linux-x86_64-debian-gcc | 0.1.1 | 19.20 | 50.80 | 70.00 | OK | |
r-devel-linux-x86_64-fedora-clang | 0.1.1 | 172.86 | OK | |||
r-devel-linux-x86_64-fedora-gcc | 0.1.1 | 182.62 | OK | |||
r-devel-windows-x86_64 | 0.1.1 | 34.00 | 96.00 | 130.00 | OK | |
r-patched-linux-x86_64 | 0.1.1 | 24.89 | 65.94 | 90.83 | OK | |
r-release-linux-x86_64 | 0.1.1 | 25.05 | 65.17 | 90.22 | OK | |
r-release-macos-arm64 | 0.1.1 | 63.00 | OK | |||
r-release-macos-x86_64 | 0.1.1 | 114.00 | OK | |||
r-release-windows-x86_64 | 0.1.1 | 35.00 | 108.00 | 143.00 | OK | |
r-oldrel-macos-arm64 | 0.1.1 | 57.00 | NOTE | |||
r-oldrel-macos-x86_64 | 0.1.1 | 121.00 | NOTE | |||
r-oldrel-windows-x86_64 | 0.1.1 | 39.00 | 118.00 | 157.00 | OK |
Version: 0.1.1
Check: installed package size
Result: NOTE
installed size is 5.4Mb
sub-directories of 1Mb or more:
doc 2.6Mb
libs 2.0Mb
Flavors: r-oldrel-macos-arm64, r-oldrel-macos-x86_64
These binaries (installable software) and packages are in development.
They may not be fully stable and should be used with caution. We make no claims about them.