Last updated on 2024-07-27 15:50:24 CEST.
Flavor | Version | Tinstall | Tcheck | Ttotal | Status | Flags |
---|---|---|---|---|---|---|
r-devel-linux-x86_64-debian-clang | 0.1.1 | 33.24 | 85.75 | 118.99 | OK | |
r-devel-linux-x86_64-debian-gcc | 0.1.1 | OK | ||||
r-devel-linux-x86_64-fedora-clang | 0.1.1 | 166.78 | OK | |||
r-devel-linux-x86_64-fedora-gcc | 0.1.1 | 176.45 | OK | |||
r-devel-windows-x86_64 | 0.1.1 | 34.00 | 112.00 | 146.00 | OK | |
r-patched-linux-x86_64 | 0.1.1 | OK | ||||
r-release-linux-x86_64 | 0.1.1 | 33.64 | 83.47 | 117.11 | OK | |
r-release-macos-arm64 | 0.1.1 | 57.00 | NOTE | |||
r-release-macos-x86_64 | 0.1.1 | 121.00 | NOTE | |||
r-release-windows-x86_64 | 0.1.1 | 30.00 | 94.00 | 124.00 | OK | |
r-oldrel-macos-arm64 | 0.1.1 | 60.00 | NOTE | |||
r-oldrel-macos-x86_64 | 0.1.1 | 114.00 | NOTE | |||
r-oldrel-windows-x86_64 | 0.1.1 | 37.00 | 119.00 | 156.00 | OK |
Version: 0.1.1
Check: installed package size
Result: NOTE
installed size is 5.4Mb
sub-directories of 1Mb or more:
doc 2.6Mb
libs 2.0Mb
Flavors: r-release-macos-arm64, r-release-macos-x86_64, r-oldrel-macos-arm64, r-oldrel-macos-x86_64
These binaries (installable software) and packages are in development.
They may not be fully stable and should be used with caution. We make no claims about them.