Last updated on 2025-07-26 21:49:57 CEST.
Flavor | Version | Tinstall | Tcheck | Ttotal | Status | Flags |
---|---|---|---|---|---|---|
r-devel-linux-x86_64-debian-clang | 0.1.1 | 27.46 | 70.31 | 97.77 | OK | |
r-devel-linux-x86_64-debian-gcc | 0.1.1 | 18.55 | 51.29 | 69.84 | OK | |
r-devel-linux-x86_64-fedora-clang | 0.1.1 | 158.64 | OK | |||
r-devel-linux-x86_64-fedora-gcc | 0.1.1 | 165.91 | OK | |||
r-devel-windows-x86_64 | 0.1.1 | 34.00 | 97.00 | 131.00 | OK | |
r-patched-linux-x86_64 | 0.1.1 | 27.05 | 65.83 | 92.88 | OK | |
r-release-linux-x86_64 | 0.1.1 | 26.97 | 65.48 | 92.45 | OK | |
r-release-macos-arm64 | 0.1.1 | 63.00 | OK | |||
r-release-macos-x86_64 | 0.1.1 | 114.00 | OK | |||
r-release-windows-x86_64 | 0.1.1 | 33.00 | 96.00 | 129.00 | OK | |
r-oldrel-macos-arm64 | 0.1.1 | 57.00 | NOTE | |||
r-oldrel-macos-x86_64 | 0.1.1 | 121.00 | NOTE | |||
r-oldrel-windows-x86_64 | 0.1.1 | 40.00 | 121.00 | 161.00 | OK |
Version: 0.1.1
Check: installed package size
Result: NOTE
installed size is 5.4Mb
sub-directories of 1Mb or more:
doc 2.6Mb
libs 2.0Mb
Flavors: r-oldrel-macos-arm64, r-oldrel-macos-x86_64
These binaries (installable software) and packages are in development.
They may not be fully stable and should be used with caution. We make no claims about them.