CRAN Package Check Results for Package mapscanner

Last updated on 2025-11-12 11:51:18 CET.

Flavor Version Tinstall Tcheck Ttotal Status Flags
r-devel-linux-x86_64-debian-clang 0.1.1 25.19 72.57 97.76 OK
r-devel-linux-x86_64-debian-gcc 0.1.1 17.73 51.85 69.58 OK
r-devel-linux-x86_64-fedora-clang 0.1.1 53.00 109.09 162.09 OK
r-devel-linux-x86_64-fedora-gcc 0.1.1 35.00 131.11 166.11 OK
r-devel-windows-x86_64 0.1.1 35.00 96.00 131.00 OK
r-patched-linux-x86_64 0.1.1 26.21 68.18 94.39 OK
r-release-linux-x86_64 0.1.1 24.53 68.00 92.53 OK
r-release-macos-arm64 0.1.1 11.00 52.00 63.00 OK
r-release-macos-x86_64 0.1.1 14.00 100.00 114.00 OK
r-release-windows-x86_64 0.1.1 35.00 95.00 130.00 OK
r-oldrel-macos-arm64 0.1.1 12.00 45.00 57.00 NOTE
r-oldrel-macos-x86_64 0.1.1 17.00 104.00 121.00 NOTE
r-oldrel-windows-x86_64 0.1.1 41.00 124.00 165.00 OK

Check Details

Version: 0.1.1
Check: installed package size
Result: NOTE installed size is 5.4Mb sub-directories of 1Mb or more: doc 2.6Mb libs 2.0Mb Flavors: r-oldrel-macos-arm64, r-oldrel-macos-x86_64

These binaries (installable software) and packages are in development.
They may not be fully stable and should be used with caution. We make no claims about them.