Last updated on 2025-07-26 03:49:54 CEST.
Flavor | Version | Tinstall | Tcheck | Ttotal | Status | Flags |
---|---|---|---|---|---|---|
r-devel-linux-x86_64-debian-clang | 1.4-9 | 2.80 | 26.69 | 29.49 | OK | |
r-devel-linux-x86_64-debian-gcc | 1.4-9 | 2.02 | 21.63 | 23.65 | OK | |
r-devel-linux-x86_64-fedora-clang | 1.4-9 | 49.76 | OK | |||
r-devel-linux-x86_64-fedora-gcc | 1.4-9 | 45.14 | OK | |||
r-devel-windows-x86_64 | 1.4-9 | 7.00 | 49.00 | 56.00 | OK | |
r-patched-linux-x86_64 | 1.4-8 | 3.09 | 24.93 | 28.02 | NOTE | |
r-release-linux-x86_64 | 1.4-8 | 2.48 | 25.01 | 27.49 | NOTE | |
r-release-macos-arm64 | 1.4-8 | 18.00 | OK | |||
r-release-macos-x86_64 | 1.4-9 | 50.00 | OK | |||
r-release-windows-x86_64 | 1.4-9 | 7.00 | 48.00 | 55.00 | OK | |
r-oldrel-macos-arm64 | 1.4-8 | 22.00 | OK | |||
r-oldrel-macos-x86_64 | 1.4-9 | 49.00 | OK | |||
r-oldrel-windows-x86_64 | 1.4-9 | 6.00 | 54.00 | 60.00 | OK |
Version: 1.4-8
Check: Rd cross-references
Result: NOTE
Found the following Rd file(s) with Rd \link{} targets missing package
anchors:
clip.rpart.Rd: rpart, prune.rpart
draw.clust.Rd: pltree
Please provide package anchors for all Rd \link{} targets not in the
package itself and the base packages.
Flavors: r-patched-linux-x86_64, r-release-linux-x86_64
These binaries (installable software) and packages are in development.
They may not be fully stable and should be used with caution. We make no claims about them.