Last updated on 2025-05-08 04:52:10 CEST.
Flavor | Version | Tinstall | Tcheck | Ttotal | Status | Flags |
---|---|---|---|---|---|---|
r-devel-linux-x86_64-debian-clang | 0.7.1 | 7.12 | 150.72 | 157.84 | OK | |
r-devel-linux-x86_64-debian-gcc | 0.7.1 | 4.83 | 109.47 | 114.30 | OK | |
r-devel-linux-x86_64-fedora-clang | 0.7.1 | 228.34 | OK | |||
r-devel-linux-x86_64-fedora-gcc | 0.7.1 | 254.31 | OK | |||
r-devel-windows-x86_64 | 0.7.1 | 8.00 | 136.00 | 144.00 | OK | |
r-patched-linux-x86_64 | 0.7.1 | 7.82 | 143.62 | 151.44 | OK | |
r-release-linux-x86_64 | 0.7.1 | 7.34 | 143.86 | 151.20 | OK | |
r-release-macos-arm64 | 0.7.1 | 64.00 | OK | |||
r-release-macos-x86_64 | 0.7.1 | 143.00 | OK | |||
r-release-windows-x86_64 | 0.7.1 | 10.00 | 147.00 | 157.00 | OK | |
r-oldrel-macos-arm64 | 0.7.1 | 73.00 | NOTE | |||
r-oldrel-macos-x86_64 | 0.7.1 | 154.00 | NOTE | |||
r-oldrel-windows-x86_64 | 0.7.1 | 12.00 | 170.00 | 182.00 | NOTE |
Version: 0.7.1
Check: installed package size
Result: NOTE
installed size is 7.5Mb
sub-directories of 1Mb or more:
doc 6.4Mb
Flavors: r-oldrel-macos-arm64, r-oldrel-macos-x86_64, r-oldrel-windows-x86_64
These binaries (installable software) and packages are in development.
They may not be fully stable and should be used with caution. We make no claims about them.