CRAN Package Check Results for Package marcox

Last updated on 2025-10-23 21:51:32 CEST.

Flavor Version Tinstall Tcheck Ttotal Status Flags
r-devel-linux-x86_64-debian-clang 1.0.0 74.76 87.01 161.77 OK
r-devel-linux-x86_64-debian-gcc 1.0.0 56.62 67.50 124.12 OK
r-devel-linux-x86_64-fedora-clang 1.0.0 152.00 117.89 269.89 OK
r-devel-linux-x86_64-fedora-gcc 1.0.0 153.00 125.57 278.57 OK
r-devel-windows-x86_64 1.0.0 77.00 111.00 188.00 OK
r-patched-linux-x86_64 1.0.0 82.74 89.28 172.02 OK
r-release-linux-x86_64 1.0.0 82.02 90.52 172.54 OK
r-release-macos-arm64 1.0.0 30.00 35.00 65.00 OK
r-release-macos-x86_64 1.0.0 52.00 81.00 133.00 OK
r-release-windows-x86_64 1.0.0 82.00 114.00 196.00 OK
r-oldrel-macos-arm64 1.0.0 31.00 41.00 72.00 NOTE
r-oldrel-macos-x86_64 1.0.0 55.00 86.00 141.00 NOTE
r-oldrel-windows-x86_64 1.0.0 91.00 143.00 234.00 OK

Check Details

Version: 1.0.0
Check: installed package size
Result: NOTE installed size is 26.2Mb sub-directories of 1Mb or more: libs 26.1Mb Flavors: r-oldrel-macos-arm64, r-oldrel-macos-x86_64

These binaries (installable software) and packages are in development.
They may not be fully stable and should be used with caution. We make no claims about them.