CRAN Package Check Results for Package marcox

Last updated on 2025-04-16 00:49:44 CEST.

Flavor Version Tinstall Tcheck Ttotal Status Flags
r-devel-linux-x86_64-debian-clang 1.0.0 75.53 75.18 150.71 OK
r-devel-linux-x86_64-debian-gcc 1.0.0 59.41 58.62 118.03 OK
r-devel-linux-x86_64-fedora-clang 1.0.0 241.51 OK
r-devel-linux-x86_64-fedora-gcc 1.0.0 198.62 OK
r-devel-windows-x86_64 1.0.0 79.00 108.00 187.00 OK
r-patched-linux-x86_64 1.0.0 82.72 78.01 160.73 OK
r-release-linux-x86_64 1.0.0 82.77 78.31 161.08 OK
r-release-macos-arm64 1.0.0 65.00 OK
r-release-macos-x86_64 1.0.0 133.00 OK
r-release-windows-x86_64 1.0.0 70.00 125.00 195.00 OK
r-oldrel-macos-arm64 1.0.0 72.00 NOTE
r-oldrel-macos-x86_64 1.0.0 141.00 NOTE
r-oldrel-windows-x86_64 1.0.0 91.00 140.00 231.00 OK

Check Details

Version: 1.0.0
Check: installed package size
Result: NOTE installed size is 26.2Mb sub-directories of 1Mb or more: libs 26.1Mb Flavors: r-oldrel-macos-arm64, r-oldrel-macos-x86_64

These binaries (installable software) and packages are in development.
They may not be fully stable and should be used with caution. We make no claims about them.