Last updated on 2024-07-27 15:50:24 CEST.
Flavor | Version | Tinstall | Tcheck | Ttotal | Status | Flags |
---|---|---|---|---|---|---|
r-devel-linux-x86_64-debian-clang | 0.1.4 | 47.83 | 160.74 | 208.57 | OK | |
r-devel-linux-x86_64-debian-gcc | 0.1.4 | OK | ||||
r-devel-linux-x86_64-fedora-clang | 0.1.4 | 276.62 | NOTE | |||
r-devel-linux-x86_64-fedora-gcc | 0.1.4 | 261.60 | NOTE | |||
r-devel-windows-x86_64 | 0.1.4 | 48.00 | 125.00 | 173.00 | OK | |
r-patched-linux-x86_64 | 0.1.4 | OK | ||||
r-release-linux-x86_64 | 0.1.4 | 37.69 | 150.40 | 188.09 | OK | |
r-release-macos-arm64 | 0.1.4 | 81.00 | OK | |||
r-release-macos-x86_64 | 0.1.4 | 108.00 | OK | |||
r-release-windows-x86_64 | 0.1.4 | 48.00 | 117.00 | 165.00 | OK | |
r-oldrel-macos-arm64 | 0.1.4 | 86.00 | OK | |||
r-oldrel-macos-x86_64 | 0.1.4 | 112.00 | OK | |||
r-oldrel-windows-x86_64 | 0.1.4 | 59.00 | 151.00 | 210.00 | OK |
Version: 0.1.4
Check: data for non-ASCII characters
Result: NOTE
Note: found 5210 marked UTF-8 strings
Flavors: r-devel-linux-x86_64-fedora-clang, r-devel-linux-x86_64-fedora-gcc
These binaries (installable software) and packages are in development.
They may not be fully stable and should be used with caution. We make no claims about them.