Last updated on 2024-07-27 15:50:24 CEST.
Flavor | Version | Tinstall | Tcheck | Ttotal | Status | Flags |
---|---|---|---|---|---|---|
r-devel-linux-x86_64-debian-clang | 0.3.27 | 7.52 | 249.91 | 257.43 | OK | |
r-devel-linux-x86_64-debian-gcc | 0.3.27 | NOTE | ||||
r-devel-linux-x86_64-fedora-clang | 0.3.27 | 330.04 | OK | |||
r-devel-linux-x86_64-fedora-gcc | 0.3.27 | 333.96 | OK | |||
r-devel-windows-x86_64 | 0.3.27 | 6.00 | 191.00 | 197.00 | NOTE | |
r-patched-linux-x86_64 | 0.3.27 | OK | ||||
r-release-linux-x86_64 | 0.3.27 | 7.31 | 233.32 | 240.63 | OK | |
r-release-macos-arm64 | 0.3.27 | 98.00 | OK | |||
r-release-macos-x86_64 | 0.3.27 | 267.00 | OK | |||
r-release-windows-x86_64 | 0.3.27 | 6.00 | 185.00 | 191.00 | OK | |
r-oldrel-macos-arm64 | 0.3.27 | 138.00 | OK | |||
r-oldrel-macos-x86_64 | 0.3.27 | 286.00 | OK | |||
r-oldrel-windows-x86_64 | 0.3.27 | 7.00 | 236.00 | 243.00 | OK |
Version: 0.3.27
Check: Rd cross-references
Result: NOTE
Found the following Rd file(s) with Rd \link{} targets missing package
anchors:
cplot.Rd: seq_range
Please provide package anchors for all Rd \link{} targets not in the
package itself and the base packages.
Flavors: r-devel-linux-x86_64-debian-gcc, r-devel-windows-x86_64
These binaries (installable software) and packages are in development.
They may not be fully stable and should be used with caution. We make no claims about them.