CRAN Package Check Results for Package markerpen

Last updated on 2025-07-22 19:51:53 CEST.

Flavor Version Tinstall Tcheck Ttotal Status Flags
r-devel-linux-x86_64-debian-clang 0.1.1 45.27 84.94 130.21 NOTE
r-devel-linux-x86_64-debian-gcc 0.1.1 37.25 66.49 103.74 NOTE
r-devel-linux-x86_64-fedora-clang 0.1.1 202.15 NOTE
r-devel-linux-x86_64-fedora-gcc 0.1.1 218.25 NOTE
r-devel-windows-x86_64 0.1.1 52.00 114.00 166.00 NOTE
r-patched-linux-x86_64 0.1.1 51.20 75.55 126.75 NOTE
r-release-linux-x86_64 0.1.1 50.45 77.08 127.53 NOTE
r-release-macos-arm64 0.1.1 89.00 NOTE
r-release-macos-x86_64 0.1.1 150.00 NOTE
r-release-windows-x86_64 0.1.1 51.00 120.00 171.00 NOTE
r-oldrel-macos-arm64 0.1.1 66.00 NOTE
r-oldrel-macos-x86_64 0.1.1 104.00 NOTE
r-oldrel-windows-x86_64 0.1.1 64.00 143.00 207.00 NOTE

Check Details

Version: 0.1.1
Check: CRAN incoming feasibility
Result: NOTE Maintainer: ‘Yixuan Qiu <yixuan.qiu@cos.name>’ No Authors@R field in DESCRIPTION. Please add one, modifying Authors@R: c(person(given = "Yixuan", family = "Qiu", role = c("aut", "cre"), email = "yixuan.qiu@cos.name"), person(given = "Jiebiao", family = "Wang", role = "aut"), person(given = "Jing", family = "Lei", role = "aut"), person(given = "Kathryn", family = "Roeder", role = "aut")) as necessary. Flavors: r-devel-linux-x86_64-debian-clang, r-devel-linux-x86_64-debian-gcc

Version: 0.1.1
Check: C++ specification
Result: NOTE Specified C++11: please drop specification unless essential Flavors: r-devel-linux-x86_64-debian-clang, r-devel-linux-x86_64-debian-gcc, r-devel-linux-x86_64-fedora-clang, r-devel-linux-x86_64-fedora-gcc, r-devel-windows-x86_64, r-patched-linux-x86_64, r-release-linux-x86_64, r-release-macos-arm64, r-release-macos-x86_64, r-release-windows-x86_64, r-oldrel-macos-arm64, r-oldrel-macos-x86_64, r-oldrel-windows-x86_64

Version: 0.1.1
Check: installed package size
Result: NOTE installed size is 18.2Mb sub-directories of 1Mb or more: examples 2.7Mb libs 14.2Mb Flavors: r-oldrel-macos-arm64, r-oldrel-macos-x86_64, r-oldrel-windows-x86_64

These binaries (installable software) and packages are in development.
They may not be fully stable and should be used with caution. We make no claims about them.