CRAN Package Check Results for Package marketr

Last updated on 2025-11-11 17:50:04 CET.

Flavor Version Tinstall Tcheck Ttotal Status Flags
r-devel-linux-x86_64-debian-clang 0.0.2 4.19 44.24 48.43 OK
r-devel-linux-x86_64-debian-gcc 0.0.2 2.94 31.84 34.78 OK
r-devel-linux-x86_64-fedora-clang 0.0.2 11.00 61.64 72.64 OK
r-devel-linux-x86_64-fedora-gcc 0.0.2 83.02 OK
r-devel-windows-x86_64 0.0.2 5.00 59.00 64.00 OK
r-patched-linux-x86_64 0.0.2 4.23 40.69 44.92 OK
r-release-linux-x86_64 0.0.2 4.25 40.98 45.23 OK
r-release-macos-arm64 0.0.2 2.00 29.00 31.00 OK
r-release-macos-x86_64 0.0.2 4.00 51.00 55.00 OK
r-release-windows-x86_64 0.0.2 6.00 57.00 63.00 OK
r-oldrel-macos-arm64 0.0.2 2.00 27.00 29.00 NOTE
r-oldrel-macos-x86_64 0.0.2 3.00 40.00 43.00 NOTE
r-oldrel-windows-x86_64 0.0.2 7.00 69.00 76.00 NOTE

Check Details

Version: 0.0.2
Check: LazyData
Result: NOTE 'LazyData' is specified without a 'data' directory Flavors: r-oldrel-macos-arm64, r-oldrel-macos-x86_64, r-oldrel-windows-x86_64

These binaries (installable software) and packages are in development.
They may not be fully stable and should be used with caution. We make no claims about them.