Last updated on 2024-07-27 15:50:24 CEST.
Flavor | Version | Tinstall | Tcheck | Ttotal | Status | Flags |
---|---|---|---|---|---|---|
r-devel-linux-x86_64-debian-clang | 1.1.5 | 76.39 | 287.64 | 364.03 | OK | |
r-devel-linux-x86_64-debian-gcc | 1.1.5 | OK | ||||
r-devel-linux-x86_64-fedora-clang | 1.1.5 | 503.98 | OK | |||
r-devel-linux-x86_64-fedora-gcc | 1.1.5 | 483.62 | OK | |||
r-devel-windows-x86_64 | 1.1.5 | 62.00 | 294.00 | 356.00 | OK | |
r-patched-linux-x86_64 | 1.1.5 | OK | ||||
r-release-linux-x86_64 | 1.1.5 | 72.49 | 276.09 | 348.58 | OK | |
r-release-macos-arm64 | 1.1.5 | 150.00 | NOTE | |||
r-release-macos-x86_64 | 1.1.5 | 241.00 | NOTE | |||
r-release-windows-x86_64 | 1.1.5 | 61.00 | 287.00 | 348.00 | OK | |
r-oldrel-macos-arm64 | 1.1.5 | 143.00 | NOTE | |||
r-oldrel-macos-x86_64 | 1.1.5 | 322.00 | NOTE | |||
r-oldrel-windows-x86_64 | 1.1.5 | 77.00 | 369.00 | 446.00 | OK |
Version: 1.1.5
Check: installed package size
Result: NOTE
installed size is 5.3Mb
sub-directories of 1Mb or more:
libs 3.4Mb
Flavors: r-release-macos-arm64, r-release-macos-x86_64, r-oldrel-macos-arm64, r-oldrel-macos-x86_64
These binaries (installable software) and packages are in development.
They may not be fully stable and should be used with caution. We make no claims about them.