Last updated on 2025-05-21 17:52:17 CEST.
Flavor | Version | Tinstall | Tcheck | Ttotal | Status | Flags |
---|---|---|---|---|---|---|
r-devel-linux-x86_64-debian-clang | 0.10.0 | 117.76 | 232.70 | 350.46 | NOTE | |
r-devel-linux-x86_64-debian-gcc | 0.10.0 | 87.47 | 156.08 | 243.55 | NOTE | |
r-devel-linux-x86_64-fedora-clang | 0.10.0 | 619.60 | OK | |||
r-devel-linux-x86_64-fedora-gcc | 0.10.0 | 650.23 | OK | |||
r-devel-windows-x86_64 | 0.10.0 | 139.00 | 311.00 | 450.00 | OK | |
r-patched-linux-x86_64 | 0.10.0 | 124.95 | 220.84 | 345.79 | NOTE | |
r-release-linux-x86_64 | 0.10.0 | 125.14 | 222.40 | 347.54 | NOTE | |
r-release-macos-arm64 | 0.10.0 | 162.00 | OK | |||
r-release-macos-x86_64 | 0.10.0 | 243.00 | OK | |||
r-release-windows-x86_64 | 0.10.0 | 138.00 | 318.00 | 456.00 | OK | |
r-oldrel-macos-arm64 | 0.10.0 | 91.00 | NOTE | |||
r-oldrel-macos-x86_64 | 0.10.0 | 142.00 | NOTE | |||
r-oldrel-windows-x86_64 | 0.10.0 | 158.00 | 355.00 | 513.00 | NOTE |
Version: 0.10.0
Check: for unstated dependencies in ‘demo’
Result: NOTE
'library' or 'require' calls not declared from:
‘MCMCpack’ ‘matlab’ ‘microbenchmark’
Flavors: r-devel-linux-x86_64-debian-clang, r-devel-linux-x86_64-debian-gcc, r-patched-linux-x86_64, r-release-linux-x86_64
Version: 0.10.0
Check: installed package size
Result: NOTE
installed size is 10.9Mb
sub-directories of 1Mb or more:
libs 9.3Mb
Flavors: r-oldrel-macos-arm64, r-oldrel-macos-x86_64
Version: 0.10.0
Check: for GNU extensions in Makefiles
Result: NOTE
GNU make is a SystemRequirements.
Flavors: r-oldrel-macos-arm64, r-oldrel-macos-x86_64, r-oldrel-windows-x86_64
These binaries (installable software) and packages are in development.
They may not be fully stable and should be used with caution. We make no claims about them.