Last updated on 2024-07-27 15:50:24 CEST.
Flavor | Version | Tinstall | Tcheck | Ttotal | Status | Flags |
---|---|---|---|---|---|---|
r-devel-linux-x86_64-debian-clang | 1.0.10 | 42.19 | 448.35 | 490.54 | OK | |
r-devel-linux-x86_64-debian-gcc | 1.0.10 | NOTE | ||||
r-devel-linux-x86_64-fedora-clang | 1.0.10 | 612.45 | OK | |||
r-devel-linux-x86_64-fedora-gcc | 1.0.10 | 627.56 | OK | |||
r-devel-windows-x86_64 | 1.0.10 | 34.00 | 313.00 | 347.00 | NOTE | |
r-patched-linux-x86_64 | 1.0.10 | OK | ||||
r-release-linux-x86_64 | 1.0.10 | 40.94 | 431.64 | 472.58 | OK | |
r-release-macos-arm64 | 1.0.10 | 139.00 | OK | |||
r-release-macos-x86_64 | 1.0.10 | 231.00 | OK | |||
r-release-windows-x86_64 | 1.0.10 | 35.00 | 304.00 | 339.00 | OK | |
r-oldrel-macos-arm64 | 1.0.10 | 151.00 | OK | |||
r-oldrel-macos-x86_64 | 1.0.10 | 267.00 | OK | |||
r-oldrel-windows-x86_64 | 1.0.10 | 48.00 | 405.00 | 453.00 | OK |
Version: 1.0.10
Check: Rd cross-references
Result: NOTE
Found the following Rd file(s) with Rd \link{} targets missing package
anchors:
autoplot.bathy.Rd: coord_map
get.area.Rd: areaPolygon
plotArea.Rd: areaPolygon
Please provide package anchors for all Rd \link{} targets not in the
package itself and the base packages.
Flavors: r-devel-linux-x86_64-debian-gcc, r-devel-windows-x86_64
These binaries (installable software) and packages are in development.
They may not be fully stable and should be used with caution. We make no claims about them.