CRAN Package Check Results for Package marmap

Last updated on 2025-02-23 07:51:57 CET.

Flavor Version Tinstall Tcheck Ttotal Status Flags
r-devel-linux-x86_64-debian-clang 1.0.10 36.72 357.25 393.97 NOTE
r-devel-linux-x86_64-debian-gcc 1.0.10 24.04 232.05 256.09 NOTE
r-devel-linux-x86_64-fedora-clang 1.0.10 628.70 OK
r-devel-linux-x86_64-fedora-gcc 1.0.10 693.82 OK
r-devel-macos-arm64 1.0.10 142.00 OK
r-devel-macos-x86_64 1.0.10 331.00 OK
r-devel-windows-x86_64 1.0.10 34.00 310.00 344.00 NOTE
r-patched-linux-x86_64 1.0.10 36.59 332.00 368.59 OK
r-release-linux-x86_64 1.0.10 35.73 327.04 362.77 OK
r-release-macos-arm64 1.0.10 139.00 OK
r-release-macos-x86_64 1.0.10 231.00 OK
r-release-windows-x86_64 1.0.10 35.00 309.00 344.00 OK
r-oldrel-macos-arm64 1.0.10 151.00 OK
r-oldrel-macos-x86_64 1.0.10 267.00 OK
r-oldrel-windows-x86_64 1.0.10 48.00 408.00 456.00 OK

Check Details

Version: 1.0.10
Check: Rd cross-references
Result: NOTE Found the following Rd file(s) with Rd \link{} targets missing package anchors: autoplot.bathy.Rd: coord_map get.area.Rd: areaPolygon plotArea.Rd: areaPolygon Please provide package anchors for all Rd \link{} targets not in the package itself and the base packages. Flavors: r-devel-linux-x86_64-debian-clang, r-devel-linux-x86_64-debian-gcc, r-devel-windows-x86_64

These binaries (installable software) and packages are in development.
They may not be fully stable and should be used with caution. We make no claims about them.