Last updated on 2025-02-16 08:50:51 CET.
Flavor | Version | Tinstall | Tcheck | Ttotal | Status | Flags |
---|---|---|---|---|---|---|
r-devel-linux-x86_64-debian-clang | 2.0.8 | 4.45 | 133.18 | 137.63 | NOTE | |
r-devel-linux-x86_64-debian-gcc | 2.0.8 | 3.29 | 74.09 | 77.38 | NOTE | |
r-devel-linux-x86_64-fedora-clang | 2.0.8 | 229.24 | NOTE | |||
r-devel-linux-x86_64-fedora-gcc | 2.0.8 | 219.73 | NOTE | |||
r-devel-macos-arm64 | 2.0.8 | 62.00 | NOTE | |||
r-devel-macos-x86_64 | 2.0.8 | 128.00 | NOTE | |||
r-devel-windows-x86_64 | 2.0.8 | 8.00 | 140.00 | 148.00 | NOTE | |
r-patched-linux-x86_64 | 2.0.8 | 4.12 | 121.44 | 125.56 | NOTE | |
r-release-linux-x86_64 | 2.0.8 | 4.13 | 122.29 | 126.42 | NOTE | |
r-release-macos-arm64 | 2.0.8 | 63.00 | NOTE | |||
r-release-macos-x86_64 | 2.0.8 | 100.00 | NOTE | |||
r-release-windows-x86_64 | 2.0.8 | 8.00 | 144.00 | 152.00 | NOTE | |
r-oldrel-macos-arm64 | 2.0.8 | 66.00 | OK | |||
r-oldrel-macos-x86_64 | 2.0.8 | 116.00 | OK | |||
r-oldrel-windows-x86_64 | 2.0.8 | 9.00 | 197.00 | 206.00 | OK |
Version: 2.0.8
Check: Rd files
Result: NOTE
checkRd: (-1) marqLevAlg-package.Rd:14: Lost braces; missing escapes or markup?
14 | (GH^{-1}G).
| ^
Flavors: r-devel-linux-x86_64-debian-clang, r-devel-linux-x86_64-debian-gcc, r-devel-linux-x86_64-fedora-clang, r-devel-linux-x86_64-fedora-gcc, r-devel-macos-arm64, r-devel-macos-x86_64, r-devel-windows-x86_64, r-patched-linux-x86_64, r-release-linux-x86_64, r-release-macos-arm64, r-release-macos-x86_64, r-release-windows-x86_64
These binaries (installable software) and packages are in development.
They may not be fully stable and should be used with caution. We make no claims about them.