Last updated on 2025-07-25 00:49:28 CEST.
Flavor | Version | Tinstall | Tcheck | Ttotal | Status | Flags |
---|---|---|---|---|---|---|
r-devel-linux-x86_64-debian-clang | 1.0.0 | 27.74 | 107.19 | 134.93 | OK | |
r-devel-linux-x86_64-debian-gcc | 1.0.0 | 62.80 | 78.76 | 141.56 | OK | |
r-devel-linux-x86_64-fedora-clang | 1.0.0 | 192.51 | OK | |||
r-devel-linux-x86_64-fedora-gcc | 1.0.0 | 269.67 | OK | |||
r-devel-windows-x86_64 | 1.0.0 | 32.00 | 107.00 | 139.00 | OK | |
r-patched-linux-x86_64 | 1.0.0 | 116.84 | 104.54 | 221.38 | OK | |
r-release-linux-x86_64 | 1.0.0 | 110.89 | 103.39 | 214.28 | OK | |
r-release-macos-arm64 | 1.0.0 | 74.00 | OK | |||
r-release-macos-x86_64 | 1.0.0 | 132.00 | OK | |||
r-release-windows-x86_64 | 1.0.0 | 31.00 | 102.00 | 133.00 | OK | |
r-oldrel-macos-arm64 | 1.0.0 | 67.00 | NOTE | |||
r-oldrel-macos-x86_64 | 1.0.0 | 176.00 | NOTE | |||
r-oldrel-windows-x86_64 | 1.0.0 | 39.00 | 129.00 | 168.00 | OK |
Version: 1.0.0
Check: installed package size
Result: NOTE
installed size is 6.0Mb
sub-directories of 1Mb or more:
doc 2.3Mb
libs 2.8Mb
Flavors: r-oldrel-macos-arm64, r-oldrel-macos-x86_64
These binaries (installable software) and packages are in development.
They may not be fully stable and should be used with caution. We make no claims about them.