CRAN Package Check Results for Package marquee

Last updated on 2025-11-12 23:50:48 CET.

Flavor Version Tinstall Tcheck Ttotal Status Flags
r-devel-linux-x86_64-debian-clang 1.2.1 27.58 136.61 164.19 OK
r-devel-linux-x86_64-debian-gcc 1.2.1 38.40 98.37 136.77 OK
r-devel-linux-x86_64-fedora-clang 1.2.1 49.00 189.70 238.70 OK
r-devel-linux-x86_64-fedora-gcc 1.2.1 128.00 179.82 307.82 OK
r-devel-windows-x86_64 1.2.1 62.00 122.00 184.00 OK
r-patched-linux-x86_64 1.2.1 113.45 130.14 243.59 OK
r-release-linux-x86_64 1.2.1 112.68 130.45 243.13 OK
r-release-macos-arm64 1.2.1 14.00 56.00 70.00 OK
r-release-macos-x86_64 1.2.1 24.00 109.00 133.00 OK
r-release-windows-x86_64 1.2.1 62.00 124.00 186.00 OK
r-oldrel-macos-arm64 1.2.1 14.00 57.00 71.00 NOTE
r-oldrel-macos-x86_64 1.2.1 30.00 127.00 157.00 NOTE
r-oldrel-windows-x86_64 1.2.1 42.00 161.00 203.00 OK

Additional issues

rchk

Check Details

Version: 1.2.1
Check: installed package size
Result: NOTE installed size is 6.0Mb sub-directories of 1Mb or more: doc 2.3Mb libs 2.9Mb Flavors: r-oldrel-macos-arm64, r-oldrel-macos-x86_64

These binaries (installable software) and packages are in development.
They may not be fully stable and should be used with caution. We make no claims about them.