Last updated on 2025-10-03 11:50:50 CEST.
Flavor | Version | Tinstall | Tcheck | Ttotal | Status | Flags |
---|---|---|---|---|---|---|
r-devel-linux-x86_64-debian-clang | 0.3 | 81.62 | 29.78 | 111.40 | OK | |
r-devel-linux-x86_64-debian-gcc | 0.3 | 67.73 | 30.68 | 98.41 | OK | |
r-devel-linux-x86_64-fedora-clang | 0.3 | 157.89 | OK | |||
r-devel-linux-x86_64-fedora-gcc | 0.3 | 215.81 | OK | |||
r-devel-windows-x86_64 | 0.3 | 80.00 | 74.00 | 154.00 | OK | |
r-patched-linux-x86_64 | 0.3 | 90.66 | 38.02 | 128.68 | OK | |
r-release-linux-x86_64 | 0.3 | 95.28 | 37.47 | 132.75 | OK | |
r-release-macos-arm64 | 0.3 | 72.00 | OK | |||
r-release-macos-x86_64 | 0.3 | 128.00 | OK | |||
r-release-windows-x86_64 | 0.3 | 80.00 | 71.00 | 151.00 | OK | |
r-oldrel-macos-arm64 | 0.3 | 53.00 | NOTE | |||
r-oldrel-macos-x86_64 | 0.3 | 96.00 | NOTE | |||
r-oldrel-windows-x86_64 | 0.3 | 96.00 | 85.00 | 181.00 | OK |
Version: 0.3
Check: installed package size
Result: NOTE
installed size is 49.1Mb
sub-directories of 1Mb or more:
libs 48.8Mb
Flavors: r-oldrel-macos-arm64, r-oldrel-macos-x86_64
These binaries (installable software) and packages are in development.
They may not be fully stable and should be used with caution. We make no claims about them.