Last updated on 2024-07-27 15:50:24 CEST.
Flavor | Version | Tinstall | Tcheck | Ttotal | Status | Flags |
---|---|---|---|---|---|---|
r-devel-linux-x86_64-debian-clang | 0.3 | 111.18 | 33.78 | 144.96 | OK | |
r-devel-linux-x86_64-debian-gcc | 0.3 | OK | ||||
r-devel-linux-x86_64-fedora-clang | 0.3 | 174.83 | OK | |||
r-devel-linux-x86_64-fedora-gcc | 0.3 | 240.08 | OK | |||
r-devel-windows-x86_64 | 0.3 | 77.00 | 68.00 | 145.00 | OK | |
r-patched-linux-x86_64 | 0.3 | OK | ||||
r-release-linux-x86_64 | 0.3 | 104.36 | 42.28 | 146.64 | OK | |
r-release-macos-arm64 | 0.3 | 53.00 | NOTE | |||
r-release-macos-x86_64 | 0.3 | 96.00 | NOTE | |||
r-release-windows-x86_64 | 0.3 | 81.00 | 68.00 | 149.00 | OK | |
r-oldrel-macos-arm64 | 0.3 | 56.00 | NOTE | |||
r-oldrel-macos-x86_64 | 0.3 | 131.00 | NOTE | |||
r-oldrel-windows-x86_64 | 0.3 | 98.00 | 79.00 | 177.00 | OK |
Version: 0.3
Check: installed package size
Result: NOTE
installed size is 49.1Mb
sub-directories of 1Mb or more:
libs 48.8Mb
Flavors: r-release-macos-arm64, r-release-macos-x86_64, r-oldrel-macos-arm64, r-oldrel-macos-x86_64
These binaries (installable software) and packages are in development.
They may not be fully stable and should be used with caution. We make no claims about them.