Last updated on 2025-11-13 01:50:25 CET.
| Flavor | Version | Tinstall | Tcheck | Ttotal | Status | Flags |
|---|---|---|---|---|---|---|
| r-devel-linux-x86_64-debian-clang | 0.4 | 115.73 | 39.46 | 155.19 | OK | |
| r-devel-linux-x86_64-debian-gcc | 0.4 | 98.96 | 39.99 | 138.95 | OK | |
| r-devel-linux-x86_64-fedora-clang | 0.4 | 452.00 | -190.03 | 261.97 | OK | |
| r-devel-linux-x86_64-fedora-gcc | 0.4 | 205.00 | 99.59 | 304.59 | OK | |
| r-devel-windows-x86_64 | 0.4 | 105.00 | 90.00 | 195.00 | OK | |
| r-patched-linux-x86_64 | 0.4 | 127.28 | 52.00 | 179.28 | OK | |
| r-release-linux-x86_64 | 0.4 | 126.36 | 51.80 | 178.16 | OK | |
| r-release-macos-arm64 | 0.4 | 51.00 | 24.00 | 75.00 | OK | |
| r-release-macos-x86_64 | 0.4 | 133.00 | 45.00 | 178.00 | OK | |
| r-release-windows-x86_64 | 0.4 | 117.00 | 91.00 | 208.00 | OK | |
| r-oldrel-macos-arm64 | 0.4 | 51.00 | 30.00 | 81.00 | NOTE | |
| r-oldrel-macos-x86_64 | 0.4 | 80.00 | 62.00 | 142.00 | NOTE | |
| r-oldrel-windows-x86_64 | 0.4 | 133.00 | 101.00 | 234.00 | OK |
Version: 0.4
Check: installed package size
Result: NOTE
installed size is 56.3Mb
sub-directories of 1Mb or more:
libs 56.0Mb
Flavors: r-oldrel-macos-arm64, r-oldrel-macos-x86_64
These binaries (installable software) and packages are in development.
They may not be fully stable and should be used with caution. We make no claims about them.