Last updated on 2025-02-16 08:50:51 CET.
Flavor | Version | Tinstall | Tcheck | Ttotal | Status | Flags |
---|---|---|---|---|---|---|
r-devel-linux-x86_64-debian-clang | 0.1.5.2 | 52.78 | 88.41 | 141.19 | OK | |
r-devel-linux-x86_64-debian-gcc | 0.1.5.2 | 43.05 | 69.33 | 112.38 | OK | |
r-devel-linux-x86_64-fedora-clang | 0.1.5.2 | 235.43 | OK | |||
r-devel-linux-x86_64-fedora-gcc | 0.1.5.2 | 249.63 | OK | |||
r-devel-macos-arm64 | 0.1.5.2 | 60.00 | OK | |||
r-devel-macos-x86_64 | 0.1.5.2 | 109.00 | OK | |||
r-devel-windows-x86_64 | 0.1.5.2 | 53.00 | 113.00 | 166.00 | OK | |
r-patched-linux-x86_64 | 0.1.5.2 | 58.37 | 88.00 | 146.37 | OK | |
r-release-linux-x86_64 | 0.1.5.2 | 58.98 | 88.87 | 147.85 | OK | |
r-release-macos-arm64 | 0.1.5.2 | 56.00 | NOTE | |||
r-release-macos-x86_64 | 0.1.5.2 | 111.00 | NOTE | |||
r-release-windows-x86_64 | 0.1.5.2 | 56.00 | 116.00 | 172.00 | OK | |
r-oldrel-macos-arm64 | 0.1.5.2 | 68.00 | NOTE | |||
r-oldrel-macos-x86_64 | 0.1.5.2 | 114.00 | NOTE | |||
r-oldrel-windows-x86_64 | 0.1.5.2 | 67.00 | 167.00 | 234.00 | OK |
Version: 0.1.5.2
Check: installed package size
Result: NOTE
installed size is 18.9Mb
sub-directories of 1Mb or more:
libs 18.6Mb
Flavors: r-release-macos-arm64, r-release-macos-x86_64, r-oldrel-macos-arm64, r-oldrel-macos-x86_64
These binaries (installable software) and packages are in development.
They may not be fully stable and should be used with caution. We make no claims about them.