Last updated on 2025-11-12 12:53:14 CET.
| Flavor | Version | Tinstall | Tcheck | Ttotal | Status | Flags |
|---|---|---|---|---|---|---|
| r-devel-linux-x86_64-debian-clang | 0.2.79 | 44.37 | 256.56 | 300.93 | OK | |
| r-devel-linux-x86_64-debian-gcc | 0.2.79 | 33.77 | 195.46 | 229.23 | OK | |
| r-devel-linux-x86_64-fedora-clang | 0.2.79 | 106.00 | 378.85 | 484.85 | NOTE | |
| r-devel-linux-x86_64-fedora-gcc | 0.2.79 | 122.00 | 365.52 | 487.52 | NOTE | |
| r-devel-windows-x86_64 | 0.2.79 | 66.00 | 280.00 | 346.00 | OK | |
| r-patched-linux-x86_64 | 0.2.79 | 51.70 | 247.33 | 299.03 | OK | |
| r-release-linux-x86_64 | 0.2.79 | 50.86 | 245.76 | 296.62 | OK | |
| r-release-macos-arm64 | 0.2.79 | 25.00 | 260.00 | 285.00 | OK | |
| r-release-macos-x86_64 | 0.2.79 | 40.00 | 296.00 | 336.00 | OK | |
| r-release-windows-x86_64 | 0.2.79 | 65.00 | 284.00 | 349.00 | OK | |
| r-oldrel-macos-arm64 | 0.2.79 | 20.00 | 136.00 | 156.00 | NOTE | |
| r-oldrel-macos-x86_64 | 0.2.79 | 29.00 | 204.00 | 233.00 | NOTE | |
| r-oldrel-windows-x86_64 | 0.2.79 | 78.00 | 365.00 | 443.00 | OK |
Version: 0.2.79
Check: dependencies in R code
Result: NOTE
Namespace in Imports field not imported from: ‘softImpute’
All declared Imports should be used.
Flavors: r-devel-linux-x86_64-fedora-clang, r-devel-linux-x86_64-fedora-gcc
Version: 0.2.79
Check: installed package size
Result: NOTE
installed size is 8.3Mb
sub-directories of 1Mb or more:
libs 7.4Mb
Flavors: r-oldrel-macos-arm64, r-oldrel-macos-x86_64
These binaries (installable software) and packages are in development.
They may not be fully stable and should be used with caution. We make no claims about them.