Last updated on 2025-11-12 18:50:38 CET.
| Flavor | Version | Tinstall | Tcheck | Ttotal | Status | Flags |
|---|---|---|---|---|---|---|
| r-devel-linux-x86_64-debian-clang | 1.1 | 2.38 | 57.95 | 60.33 | NOTE | |
| r-devel-linux-x86_64-debian-gcc | 1.1 | 1.81 | 40.23 | 42.04 | NOTE | |
| r-devel-linux-x86_64-fedora-clang | 1.1 | 92.22 | NOTE | |||
| r-devel-linux-x86_64-fedora-gcc | 1.1 | 101.71 | NOTE | |||
| r-devel-windows-x86_64 | 1.1 | 6.00 | 79.00 | 85.00 | NOTE | |
| r-patched-linux-x86_64 | 1.1 | 1.99 | 53.93 | 55.92 | NOTE | |
| r-release-linux-x86_64 | 1.1 | 2.34 | 53.71 | 56.05 | NOTE | |
| r-release-macos-arm64 | 1.1 | 2.00 | 53.00 | 55.00 | NOTE | |
| r-release-macos-x86_64 | 1.1 | 2.00 | 68.00 | 70.00 | NOTE | |
| r-release-windows-x86_64 | 1.1 | 5.00 | 80.00 | 85.00 | NOTE | |
| r-oldrel-macos-arm64 | 1.1 | 1.00 | 37.00 | 38.00 | NOTE | |
| r-oldrel-macos-x86_64 | 1.1 | 2.00 | 56.00 | 58.00 | NOTE | |
| r-oldrel-windows-x86_64 | 1.1 | 6.00 | 93.00 | 99.00 | NOTE |
Version: 1.1
Check: Rd files
Result: NOTE
checkRd: (-1) focalCompare.Rd:14: Lost braces
14 | \item{fun}{The function fun should take multiple numbers, and return a single number. For example mean, modal, min or max. It should also accept a na.rm argument (or ignore it, e.g. as one of the 'dots' arguments. For example, length will fail, but function(x, ...){na.omit(length(x))} works. (Specifications from `raster::focal`)}
| ^
Flavors: r-devel-linux-x86_64-debian-clang, r-devel-linux-x86_64-debian-gcc, r-devel-linux-x86_64-fedora-clang, r-devel-linux-x86_64-fedora-gcc, r-devel-windows-x86_64, r-patched-linux-x86_64, r-release-linux-x86_64, r-release-macos-arm64, r-release-macos-x86_64, r-release-windows-x86_64, r-oldrel-macos-arm64, r-oldrel-macos-x86_64, r-oldrel-windows-x86_64
These binaries (installable software) and packages are in development.
They may not be fully stable and should be used with caution. We make no claims about them.