Last updated on 2025-05-01 14:49:14 CEST.
Flavor | Version | Tinstall | Tcheck | Ttotal | Status | Flags |
---|---|---|---|---|---|---|
r-devel-linux-x86_64-debian-clang | 1.1 | 2.24 | 56.84 | 59.08 | NOTE | |
r-devel-linux-x86_64-debian-gcc | 1.1 | 1.71 | 39.78 | 41.49 | NOTE | |
r-devel-linux-x86_64-fedora-clang | 1.1 | 99.32 | NOTE | |||
r-devel-linux-x86_64-fedora-gcc | 1.1 | 100.64 | NOTE | |||
r-devel-windows-x86_64 | 1.1 | 5.00 | 84.00 | 89.00 | NOTE | |
r-patched-linux-x86_64 | 1.1 | 2.66 | 53.58 | 56.24 | NOTE | |
r-release-linux-x86_64 | NOTE | |||||
r-release-macos-arm64 | 1.1 | 55.00 | NOTE | |||
r-release-macos-x86_64 | 1.1 | 70.00 | NOTE | |||
r-release-windows-x86_64 | 1.1 | 4.00 | 91.00 | 95.00 | NOTE | |
r-oldrel-macos-arm64 | 1.1 | 38.00 | NOTE | |||
r-oldrel-macos-x86_64 | 1.1 | 58.00 | NOTE | |||
r-oldrel-windows-x86_64 | 1.1 | 5.00 | 94.00 | 99.00 | NOTE |
Version: 1.1
Check: Rd files
Result: NOTE
checkRd: (-1) focalCompare.Rd:14: Lost braces
14 | \item{fun}{The function fun should take multiple numbers, and return a single number. For example mean, modal, min or max. It should also accept a na.rm argument (or ignore it, e.g. as one of the 'dots' arguments. For example, length will fail, but function(x, ...){na.omit(length(x))} works. (Specifications from `raster::focal`)}
| ^
Flavors: r-devel-linux-x86_64-debian-clang, r-devel-linux-x86_64-debian-gcc, r-devel-linux-x86_64-fedora-clang, r-devel-linux-x86_64-fedora-gcc, r-devel-windows-x86_64, r-patched-linux-x86_64, r-release-linux-x86_64, r-release-macos-arm64, r-release-macos-x86_64, r-release-windows-x86_64, r-oldrel-macos-arm64, r-oldrel-macos-x86_64, r-oldrel-windows-x86_64
Version: 1.1
Check: examples
Result: NOTE
Examples with CPU (user + system) or elapsed time > 5s
user system elapsed
annotate 10.904 0.178 17.075
cropResampleTrim 5.665 0.196 7.677
Flavor: r-devel-linux-x86_64-debian-clang
Version: 1.1
Check: examples
Result: NA
user system elapsed
annotate 6.646 0.271 8.847
cropResampleTrim 4.075 0.125 6.790
OK
Flavor: r-devel-linux-x86_64-debian-gcc
These binaries (installable software) and packages are in development.
They may not be fully stable and should be used with caution. We make no claims about them.