Last updated on 2025-02-02 14:48:26 CET.
Flavor | Version | Tinstall | Tcheck | Ttotal | Status | Flags |
---|---|---|---|---|---|---|
r-devel-linux-x86_64-debian-clang | 1.2.3 | 5.81 | 181.55 | 187.36 | NOTE | |
r-devel-linux-x86_64-debian-gcc | 1.2.3 | 3.92 | 125.44 | 129.36 | NOTE | |
r-devel-linux-x86_64-fedora-clang | 1.2.3 | 306.22 | OK | |||
r-devel-linux-x86_64-fedora-gcc | 1.2.3 | 359.03 | OK | |||
r-devel-windows-x86_64 | 1.2.3 | 7.00 | 219.00 | 226.00 | NOTE | |
r-patched-linux-x86_64 | 1.2.3 | 11.85 | 162.58 | 174.43 | OK | |
r-release-linux-x86_64 | 1.2.3 | 5.47 | 164.00 | 169.47 | OK | |
r-release-macos-arm64 | 1.2.3 | 86.00 | OK | |||
r-release-macos-x86_64 | 1.2.3 | 149.00 | OK | |||
r-release-windows-x86_64 | 1.2.3 | 8.00 | 206.00 | 214.00 | OK | |
r-oldrel-macos-arm64 | 1.2.3 | 100.00 | OK | |||
r-oldrel-macos-x86_64 | 1.2.3 | 173.00 | OK | |||
r-oldrel-windows-x86_64 | 1.2.3 | 11.00 | 219.00 | 230.00 | OK |
Version: 1.2.3
Check: Rd cross-references
Result: NOTE
Found the following Rd file(s) with Rd \link{} targets missing package
anchors:
get_geneSets_from_msigdbr.Rd: msigdbr
plot.mGST.Rd: visOptions, visNetwork
save_as_xls.Rd: WriteXLS
Please provide package anchors for all Rd \link{} targets not in the
package itself and the base packages.
Flavors: r-devel-linux-x86_64-debian-clang, r-devel-linux-x86_64-debian-gcc, r-devel-windows-x86_64
These binaries (installable software) and packages are in development.
They may not be fully stable and should be used with caution. We make no claims about them.