Last updated on 2025-11-11 15:50:38 CET.
| Flavor | Version | Tinstall | Tcheck | Ttotal | Status | Flags |
|---|---|---|---|---|---|---|
| r-devel-linux-x86_64-debian-clang | 2.3 | 54.52 | 130.23 | 184.75 | NOTE | |
| r-devel-linux-x86_64-debian-gcc | 2.3 | 35.46 | 80.15 | 115.61 | NOTE | |
| r-devel-linux-x86_64-fedora-clang | 2.3 | 122.00 | 182.93 | 304.93 | OK | |
| r-devel-linux-x86_64-fedora-gcc | 2.3 | 119.00 | 175.31 | 294.31 | OK | |
| r-devel-windows-x86_64 | 2.3 | 60.00 | 127.00 | 187.00 | OK | |
| r-patched-linux-x86_64 | 2.3 | 54.19 | 118.70 | 172.89 | OK | |
| r-release-linux-x86_64 | 2.3 | 53.29 | 118.50 | 171.79 | OK | |
| r-release-macos-arm64 | 2.3 | 25.00 | 63.00 | 88.00 | OK | |
| r-release-macos-x86_64 | 2.3 | 48.00 | 107.00 | 155.00 | OK | |
| r-release-windows-x86_64 | 2.3 | 59.00 | 131.00 | 190.00 | OK | |
| r-oldrel-macos-arm64 | 2.3 | 21.00 | 48.00 | 69.00 | OK | |
| r-oldrel-macos-x86_64 | 2.3 | 36.00 | 83.00 | 119.00 | OK | |
| r-oldrel-windows-x86_64 | 2.3 | 76.00 | 171.00 | 247.00 | OK |
Version: 2.3
Check: CRAN incoming feasibility
Result: NOTE
Maintainer: ‘James S. Clark <jimclark@duke.edu>’
No Authors@R field in DESCRIPTION.
Please add one, modifying
Authors@R: person(given = c("James", "S."),
family = "Clark",
role = c("aut", "cre"),
email = "jimclark@duke.edu")
as necessary.
Flavors: r-devel-linux-x86_64-debian-clang, r-devel-linux-x86_64-debian-gcc
These binaries (installable software) and packages are in development.
They may not be fully stable and should be used with caution. We make no claims about them.