Last updated on 2025-05-01 08:52:37 CEST.
Flavor | Version | Tinstall | Tcheck | Ttotal | Status | Flags |
---|---|---|---|---|---|---|
r-devel-linux-x86_64-debian-clang | 2.3 | 56.47 | 123.20 | 179.67 | NOTE | |
r-devel-linux-x86_64-debian-gcc | 2.3 | 38.02 | 80.66 | 118.68 | NOTE | |
r-devel-linux-x86_64-fedora-clang | 2.3 | 303.71 | OK | |||
r-devel-linux-x86_64-fedora-gcc | 2.3 | 296.35 | OK | |||
r-devel-windows-x86_64 | 2.3 | 59.00 | 137.00 | 196.00 | OK | |
r-patched-linux-x86_64 | 2.3 | 52.64 | 117.00 | 169.64 | OK | |
r-release-linux-x86_64 | OK | |||||
r-release-macos-arm64 | 2.3 | 88.00 | OK | |||
r-release-macos-x86_64 | 2.3 | 155.00 | OK | |||
r-release-windows-x86_64 | 2.3 | 59.00 | 144.00 | 203.00 | OK | |
r-oldrel-macos-arm64 | 2.3 | 69.00 | OK | |||
r-oldrel-macos-x86_64 | 2.3 | 119.00 | OK | |||
r-oldrel-windows-x86_64 | 2.3 | 72.00 | 170.00 | 242.00 | OK |
Version: 2.3
Check: CRAN incoming feasibility
Result: NOTE
Maintainer: ‘James S. Clark <jimclark@duke.edu>’
No Authors@R field in DESCRIPTION.
Please add one, modifying
Authors@R: person(given = c("James", "S."),
family = "Clark",
role = c("aut", "cre"),
email = "jimclark@duke.edu")
as necessary.
Flavors: r-devel-linux-x86_64-debian-clang, r-devel-linux-x86_64-debian-gcc
These binaries (installable software) and packages are in development.
They may not be fully stable and should be used with caution. We make no claims about them.