Last updated on 2025-07-02 03:50:45 CEST.
Flavor | Version | Tinstall | Tcheck | Ttotal | Status | Flags |
---|---|---|---|---|---|---|
r-devel-linux-x86_64-debian-clang | 0.1.3 | 12.57 | 137.42 | 149.99 | NOTE | |
r-devel-linux-x86_64-debian-gcc | 0.1.3 | 8.51 | 100.66 | 109.17 | NOTE | |
r-devel-linux-x86_64-fedora-clang | 0.1.3 | 228.16 | OK | |||
r-devel-linux-x86_64-fedora-gcc | 0.1.3 | 231.13 | OK | |||
r-devel-windows-x86_64 | 0.1.3 | 14.00 | 156.00 | 170.00 | OK | |
r-patched-linux-x86_64 | OK | |||||
r-release-linux-x86_64 | 0.1.3 | 10.59 | 125.09 | 135.68 | OK | |
r-release-macos-arm64 | 0.1.3 | 72.00 | OK | |||
r-release-macos-x86_64 | 0.1.3 | 125.00 | OK | |||
r-release-windows-x86_64 | 0.1.3 | 13.00 | 148.00 | 161.00 | OK | |
r-oldrel-macos-arm64 | 0.1.3 | 66.00 | OK | |||
r-oldrel-macos-x86_64 | 0.1.3 | 108.00 | OK | |||
r-oldrel-windows-x86_64 | 0.1.3 | 17.00 | 193.00 | 210.00 | OK |
Version: 0.1.3
Check: CRAN incoming feasibility
Result: NOTE
Maintainer: ‘Andrea Brancaccio <andrea.brancaccio@unipd.it>’
No Authors@R field in DESCRIPTION.
Please add one, modifying
Authors@R: c(person(given = "Andrea",
family = "Brancaccio",
role = c("aut", "ctb", "cph", "cre"),
email = "andrea.brancaccio@unipd.it"),
person(given = c("Ottavia", "M."),
family = "Epifania",
role = c("aut", "ctb", "com")),
person(given = "Debora",
family = "de Chiusole",
role = "ctb"))
as necessary.
Flavors: r-devel-linux-x86_64-debian-clang, r-devel-linux-x86_64-debian-gcc
These binaries (installable software) and packages are in development.
They may not be fully stable and should be used with caution. We make no claims about them.