Last updated on 2025-11-11 15:50:38 CET.
| Flavor | Version | Tinstall | Tcheck | Ttotal | Status | Flags |
|---|---|---|---|---|---|---|
| r-devel-linux-x86_64-debian-clang | 0.1.3 | 3.80 | 41.87 | 45.67 | OK | |
| r-devel-linux-x86_64-debian-gcc | 0.1.3 | 2.76 | 32.80 | 35.56 | OK | |
| r-devel-linux-x86_64-fedora-clang | 0.1.3 | 11.00 | 58.91 | 69.91 | OK | |
| r-devel-linux-x86_64-fedora-gcc | 0.1.3 | 79.05 | OK | |||
| r-devel-windows-x86_64 | 0.1.3 | 6.00 | 59.00 | 65.00 | OK | |
| r-patched-linux-x86_64 | 0.1.3 | 4.16 | 38.53 | 42.69 | OK | |
| r-release-linux-x86_64 | 0.1.3 | 2.86 | 38.21 | 41.07 | OK | |
| r-release-macos-arm64 | 0.1.3 | 2.00 | 27.00 | 29.00 | OK | |
| r-release-macos-x86_64 | 0.1.3 | 3.00 | 56.00 | 59.00 | OK | |
| r-release-windows-x86_64 | 0.1.3 | 6.00 | 67.00 | 73.00 | OK | |
| r-oldrel-macos-arm64 | 0.1.3 | 2.00 | 27.00 | 29.00 | NOTE | |
| r-oldrel-macos-x86_64 | 0.1.3 | 3.00 | 41.00 | 44.00 | NOTE | |
| r-oldrel-windows-x86_64 | 0.1.3 | 7.00 | 68.00 | 75.00 | NOTE |
Version: 0.1.3
Check: LazyData
Result: NOTE
'LazyData' is specified without a 'data' directory
Flavors: r-oldrel-macos-arm64, r-oldrel-macos-x86_64, r-oldrel-windows-x86_64
These binaries (installable software) and packages are in development.
They may not be fully stable and should be used with caution. We make no claims about them.