CRAN Package Check Results for Package matahari

Last updated on 2025-05-08 04:52:10 CEST.

Flavor Version Tinstall Tcheck Ttotal Status Flags
r-devel-linux-x86_64-debian-clang 0.1.3 4.27 40.49 44.76 OK
r-devel-linux-x86_64-debian-gcc 0.1.3 2.78 30.16 32.94 OK
r-devel-linux-x86_64-fedora-clang 0.1.3 68.68 OK
r-devel-linux-x86_64-fedora-gcc 0.1.3 81.98 OK
r-devel-windows-x86_64 0.1.3 5.00 58.00 63.00 OK
r-patched-linux-x86_64 0.1.3 4.11 36.85 40.96 OK
r-release-linux-x86_64 0.1.3 3.67 36.85 40.52 OK
r-release-macos-arm64 0.1.3 29.00 OK
r-release-macos-x86_64 0.1.3 59.00 OK
r-release-windows-x86_64 0.1.3 6.00 60.00 66.00 OK
r-oldrel-macos-arm64 0.1.3 29.00 NOTE
r-oldrel-macos-x86_64 0.1.3 44.00 NOTE
r-oldrel-windows-x86_64 0.1.3 7.00 66.00 73.00 NOTE

Check Details

Version: 0.1.3
Check: LazyData
Result: NOTE 'LazyData' is specified without a 'data' directory Flavors: r-oldrel-macos-arm64, r-oldrel-macos-x86_64, r-oldrel-windows-x86_64

These binaries (installable software) and packages are in development.
They may not be fully stable and should be used with caution. We make no claims about them.