Last updated on 2024-07-27 15:50:24 CEST.
Flavor | Version | Tinstall | Tcheck | Ttotal | Status | Flags |
---|---|---|---|---|---|---|
r-devel-linux-x86_64-debian-clang | 1.1.12.1 | 13.24 | 139.52 | 152.76 | NOTE | |
r-devel-linux-x86_64-debian-gcc | 1.1.12.1 | NOTE | ||||
r-devel-linux-x86_64-fedora-clang | 1.1.12.1 | 206.50 | NOTE | |||
r-devel-linux-x86_64-fedora-gcc | 1.1.12.1 | 210.56 | NOTE | |||
r-devel-windows-x86_64 | 1.1.12.1 | 12.00 | 144.00 | 156.00 | NOTE | |
r-patched-linux-x86_64 | 1.1.12.1 | NOTE | ||||
r-release-linux-x86_64 | 1.1.12.1 | 8.90 | 134.98 | 143.88 | NOTE | |
r-release-macos-arm64 | 1.1.12.1 | 67.00 | NOTE | |||
r-release-macos-x86_64 | 1.1.12.1 | 149.00 | NOTE | |||
r-release-windows-x86_64 | 1.1.12.1 | 12.00 | 138.00 | 150.00 | NOTE | |
r-oldrel-macos-arm64 | 1.1.12.1 | 96.00 | NOTE | |||
r-oldrel-macos-x86_64 | 1.1.12.1 | 146.00 | NOTE | |||
r-oldrel-windows-x86_64 | 1.1.12.1 | 16.00 | 159.00 | 175.00 | NOTE |
Version: 1.1.12.1
Check: package dependencies
Result: NOTE
Package suggested but not available for checking: ‘rrelaxiv’
Flavors: r-devel-linux-x86_64-debian-clang, r-devel-linux-x86_64-debian-gcc, r-devel-linux-x86_64-fedora-clang, r-devel-linux-x86_64-fedora-gcc, r-devel-windows-x86_64, r-patched-linux-x86_64, r-release-linux-x86_64, r-release-macos-arm64, r-release-macos-x86_64, r-release-windows-x86_64, r-oldrel-macos-arm64, r-oldrel-macos-x86_64, r-oldrel-windows-x86_64
These binaries (installable software) and packages are in development.
They may not be fully stable and should be used with caution. We make no claims about them.